{"id":295,"date":"2020-11-27T09:59:18","date_gmt":"2020-11-27T09:59:18","guid":{"rendered":"http:\/\/waa.fundaciorecerca.cat\/?page_id=295"},"modified":"2021-03-31T13:24:30","modified_gmt":"2021-03-31T12:24:30","slug":"promocio-doctorats-industrials","status":"publish","type":"page","link":"https:\/\/fcri.cat\/ca\/cooperacio-publicoprivada\/promocio-doctorats-industrials\/","title":{"rendered":"Promoci\u00f3 Ind\u00fastria del Coneixement"},"content":{"rendered":"\n[et_pb_section fb_built=&#8221;1&#8243; admin_label=&#8221;Hero&#8221; _builder_version=&#8221;3.22&#8243; custom_padding=&#8221;2px|||||&#8221; locked=&#8221;off&#8221;][et_pb_row column_structure=&#8221;3_5,2_5&#8243; _builder_version=&#8221;4.7.3&#8243; _module_preset=&#8221;default&#8221; custom_padding=&#8221;73px|||||&#8221; locked=&#8221;off&#8221;][et_pb_column type=&#8221;3_5&#8243; _builder_version=&#8221;4.7.3&#8243; _module_preset=&#8221;default&#8221; custom_padding=&#8221;|50px|||false|false&#8221; custom_padding_tablet=&#8221;|0px|40px||false|false&#8221; custom_padding_phone=&#8221;||40px||false|false&#8221; custom_padding_last_edited=&#8221;on|desktop&#8221;][et_pb_text _builder_version=&#8221;4.7.3&#8243; _module_preset=&#8221;default&#8221;]<h1>Promoci\u00f3 Ind\u00fastria del Coneixement<\/h1>[\/et_pb_text][et_pb_text _builder_version=&#8221;4.7.3&#8243; _module_preset=&#8221;default&#8221;]<p>Desenvolupem una estrat\u00e8gia per al Programa d\u2019Ind\u00fastria del Coneixement d\u2019informaci\u00f3 i captaci\u00f3 d\u2019empreses de la fasel Mercat, treballant amb xarxes d&#8217;\u00e0ngels inversors i inversors de capital risc per a la fase Llavor, i agrupacions empresarials i agents sectorials per a la fase Producte.<\/p>[\/et_pb_text][et_pb_text _builder_version=&#8221;4.7.3&#8243; _module_preset=&#8221;default&#8221; custom_margin=&#8221;20px||||false|false&#8221;]<p>Contribu\u00efm a la creaci\u00f3 d\u2019una xarxa de mentors disposats a col\u00b7laborar en projectes d\u2019innovaci\u00f3 cient\u00edfica del Programa d\u2019Ind\u00fastria del Coneixement.<\/p>[\/et_pb_text][\/et_pb_column][et_pb_column type=&#8221;2_5&#8243; _builder_version=&#8221;4.7.3&#8243; _module_preset=&#8221;default&#8221; custom_padding=&#8221;|||15px|false|false&#8221; custom_padding_tablet=&#8221;80px|||0px|false|false&#8221; custom_padding_phone=&#8221;60px||||false|false&#8221; custom_padding_last_edited=&#8221;on|tablet&#8221; border_width_left=&#8221;1px&#8221; border_width_top_tablet=&#8221;1px&#8221; border_width_top_phone=&#8221;&#8221; border_width_top_last_edited=&#8221;on|phone&#8221; border_width_left_tablet=&#8221;0px&#8221; border_width_left_phone=&#8221;0px&#8221; border_width_left_last_edited=&#8221;on|tablet&#8221;][et_pb_text _builder_version=&#8221;4.7.3&#8243; _module_preset=&#8221;default&#8221;]<p><a target=\"_blank\" class=\"custom-link\" href=\"http:\/\/universitatsirecerca.gencat.cat\/03_ambits_dactuacio\/Transferencia-de-coneixement\/programa-industria-del-coneixement\/index.html\" title=\"Web Programa Ind\u00fastria del Coneixement\" rel=\"noopener noreferrer\">Web Programa Ind\u00fastria del Coneixement<\/a><\/p>[\/et_pb_text][et_pb_text _builder_version=&#8221;4.7.3&#8243; _module_preset=&#8221;default&#8221;]<h2>Contacte<\/h2>\n<p>Susaina Figuera<br><a class=\"underline\" href=\"mailto:sfiguera@fcri.cat\" rel=\"alternate\">sfiguera@fcri.cat<\/a><\/p>[\/et_pb_text][et_pb_text _builder_version=&#8221;4.7.3&#8243; _module_preset=&#8221;default&#8221; header_3_font_size=&#8221;23px&#8221;]<h3>Col\u00b7laboradors<\/h3>\n<p>Col\u00b7laborem amb l&#8217;Ag\u00e8ncia de Gesti\u00f3 d&#8217;Ajuts Universitaris i de Recerca (AGAUR) i la Secret\u00e0ria d&#8217;Universitats i Recerca.<\/p>[\/et_pb_text][et_pb_image src=&#8221;https:\/\/fcri.cat\/wp-content\/uploads\/2020\/11\/logogene.png&#8221; alt=&#8221;Logo Generalitat de Catalunya&#8221; title_text=&#8221;Logo Generalitat de Catalunya&#8221; _builder_version=&#8221;4.7.3&#8243; _module_preset=&#8221;default&#8221; custom_margin=&#8221;50px||||false|false&#8221; filter_saturate=&#8221;0%&#8221;][\/et_pb_image][et_pb_image src=&#8221;https:\/\/fcri.cat\/wp-content\/uploads\/2020\/11\/logoagaur_verd-1.png&#8221; alt=&#8221;Ag\u00e8ncia de Gesti\u00f2&#8221; title_text=&#8221;Ag\u00e8ncia de Gesti\u00f2&#8221; _builder_version=&#8221;4.7.3&#8243; _module_preset=&#8221;default&#8221; custom_margin=&#8221;28px||||false|false&#8221; filter_brightness=&#8221;0%&#8221;][\/et_pb_image][et_pb_blurb title=&#8221;\u00c9s temps de fer gran la ci\u00e8ncia&#8221; url=&#8221;https:\/\/donacions.fcri.cat\/&#8221; url_new_window=&#8221;on&#8221; image=&#8221;https:\/\/fcri.cat\/wp-content\/uploads\/2021\/03\/donacions_global-banner-web.png&#8221; alt=&#8221;imatge representativa donacions fcri&#8221; icon_placement_tablet=&#8221;left&#8221; icon_placement_phone=&#8221;top&#8221; icon_placement_last_edited=&#8221;on|tablet&#8221; image_max_width_tablet=&#8221;25vw&#8221; image_max_width_phone=&#8221;90%&#8221; image_max_width_last_edited=&#8221;on|tablet&#8221; admin_label=&#8221;donacions&#8221; _builder_version=&#8221;4.9.1&#8243; _module_preset=&#8221;default&#8221; header_text_color=&#8221;#7E6C68&#8243; header_font_size=&#8221;1.25em&#8221; header_line_height=&#8221;1.25em&#8221; background_color=&#8221;#eeebd7&#8243; text_orientation=&#8221;center&#8221; custom_margin=&#8221;60px||30px||false|true&#8221; custom_padding=&#8221;40px|40px|40px|40px|true|true&#8221; custom_padding_tablet=&#8221;|40px||40px|false|true&#8221; custom_padding_phone=&#8221;&#8221; custom_padding_last_edited=&#8221;on|phone&#8221; animation=&#8221;off&#8221; link_option_url=&#8221;https:\/\/donacions.fcri.cat\/&#8221; link_option_url_new_window=&#8221;on&#8221; text_orientation_tablet=&#8221;left&#8221; text_orientation_phone=&#8221;&#8221; text_orientation_last_edited=&#8221;on|tablet&#8221; border_width_all=&#8221;1px&#8221; border_color_all=&#8221;#eeebd7&#8243; saved_tabs=&#8221;all&#8221; border_color_all__hover_enabled=&#8221;on|desktop&#8221; border_color_all__hover=&#8221;#000000&#8243; global_module=&#8221;6197&#8243;]<p><a class=\"donar-link\" href=\"https:\/\/donacions.fcri.cat\/\" target=\"_blank\" title=\"Fes la teva donaci\u00f3\" rel=\"noopener noreferrer\">Fes la teva donaci\u00f3<\/a><\/p>\n[\/et_pb_blurb][\/et_pb_column][\/et_pb_row][\/et_pb_section]\n","protected":false},"excerpt":{"rendered":"<p>Promoci\u00f3 Ind\u00fastria del ConeixementDesenvolupem una estrat\u00e8gia per al Programa d\u2019Ind\u00fastria del Coneixement d\u2019informaci\u00f3 i captaci\u00f3 d\u2019empreses de la fasel Mercat, treballant amb xarxes d&#8217;\u00e0ngels inversors i inversors de capital risc [&hellip;]<\/p>\n","protected":false},"author":6,"featured_media":0,"parent":265,"menu_order":0,"comment_status":"closed","ping_status":"closed","template":"","meta":{"_et_pb_use_builder":"on","_et_pb_old_content":"","_et_gb_content_width":"","footnotes":""},"class_list":["post-295","page","type-page","status-publish","hentry"],"yoast_head":"<!-- This site is optimized with the Yoast SEO plugin v22.9 - https:\/\/yoast.com\/wordpress\/plugins\/seo\/ -->\n<title>Promoci\u00f3 Ind\u00fastria del Coneixement - Fundacio Recerca<\/title>\n<meta name=\"robots\" content=\"index, follow, max-snippet:-1, max-image-preview:large, max-video-preview:-1\" \/>\n<link rel=\"canonical\" href=\"https:\/\/fcri.cat\/ca\/cooperacio-publicoprivada\/promocio-doctorats-industrials\/\" \/>\n<meta property=\"og:locale\" content=\"ca_ES\" \/>\n<meta property=\"og:type\" content=\"article\" \/>\n<meta property=\"og:title\" content=\"Promoci\u00f3 Ind\u00fastria del Coneixement - Fundacio Recerca\" \/>\n<meta property=\"og:description\" content=\"Promoci\u00f3 Ind\u00fastria del ConeixementDesenvolupem una estrat\u00e8gia per al Programa d\u2019Ind\u00fastria del Coneixement d\u2019informaci\u00f3 i captaci\u00f3 d\u2019empreses de la fasel Mercat, treballant amb xarxes d&#039;\u00e0ngels inversors i inversors de capital risc [&hellip;]\" \/>\n<meta property=\"og:url\" content=\"https:\/\/fcri.cat\/ca\/cooperacio-publicoprivada\/promocio-doctorats-industrials\/\" \/>\n<meta property=\"og:site_name\" content=\"Fundacio Recerca\" \/>\n<meta property=\"article:publisher\" content=\"https:\/\/www.facebook.com\/fundaciorecerca\" \/>\n<meta property=\"article:modified_time\" content=\"2021-03-31T12:24:30+00:00\" \/>\n<meta name=\"twitter:card\" content=\"summary_large_image\" \/>\n<meta name=\"twitter:site\" content=\"@fundaciorecerca\" \/>\n<meta name=\"twitter:label1\" content=\"Temps estimat de lectura\" \/>\n\t<meta name=\"twitter:data1\" content=\"1 minut\" \/>\n<script type=\"application\/ld+json\" class=\"yoast-schema-graph\">{\"@context\":\"https:\/\/schema.org\",\"@graph\":[{\"@type\":\"WebPage\",\"@id\":\"https:\/\/fcri.cat\/ca\/cooperacio-publicoprivada\/promocio-doctorats-industrials\/\",\"url\":\"https:\/\/fcri.cat\/ca\/cooperacio-publicoprivada\/promocio-doctorats-industrials\/\",\"name\":\"Promoci\u00f3 Ind\u00fastria del Coneixement - Fundacio Recerca\",\"isPartOf\":{\"@id\":\"https:\/\/fcri.cat\/ca\/#website\"},\"datePublished\":\"2020-11-27T09:59:18+00:00\",\"dateModified\":\"2021-03-31T12:24:30+00:00\",\"breadcrumb\":{\"@id\":\"https:\/\/fcri.cat\/ca\/cooperacio-publicoprivada\/promocio-doctorats-industrials\/#breadcrumb\"},\"inLanguage\":\"ca\",\"potentialAction\":[{\"@type\":\"ReadAction\",\"target\":[\"https:\/\/fcri.cat\/ca\/cooperacio-publicoprivada\/promocio-doctorats-industrials\/\"]}]},{\"@type\":\"BreadcrumbList\",\"@id\":\"https:\/\/fcri.cat\/ca\/cooperacio-publicoprivada\/promocio-doctorats-industrials\/#breadcrumb\",\"itemListElement\":[{\"@type\":\"ListItem\",\"position\":1,\"name\":\"Inici\",\"item\":\"https:\/\/fcri.cat\/ca\/\"},{\"@type\":\"ListItem\",\"position\":2,\"name\":\"Cooperaci\u00f3 publicoprivada\",\"item\":\"https:\/\/fcri.cat\/ca\/cooperacio-publicoprivada\/\"},{\"@type\":\"ListItem\",\"position\":3,\"name\":\"Promoci\u00f3 Ind\u00fastria del Coneixement\"}]},{\"@type\":\"WebSite\",\"@id\":\"https:\/\/fcri.cat\/ca\/#website\",\"url\":\"https:\/\/fcri.cat\/ca\/\",\"name\":\"Fundacio Recerca\",\"description\":\"Fundaci\u00f3 Catalana per a la Recerca i la Innovaci\u00f3\",\"potentialAction\":[{\"@type\":\"SearchAction\",\"target\":{\"@type\":\"EntryPoint\",\"urlTemplate\":\"https:\/\/fcri.cat\/ca\/?s={search_term_string}\"},\"query-input\":\"required name=search_term_string\"}],\"inLanguage\":\"ca\"}]}<\/script>\n<!-- \/ Yoast SEO plugin. -->","yoast_head_json":{"title":"Promoci\u00f3 Ind\u00fastria del Coneixement - Fundacio Recerca","robots":{"index":"index","follow":"follow","max-snippet":"max-snippet:-1","max-image-preview":"max-image-preview:large","max-video-preview":"max-video-preview:-1"},"canonical":"https:\/\/fcri.cat\/ca\/cooperacio-publicoprivada\/promocio-doctorats-industrials\/","og_locale":"ca_ES","og_type":"article","og_title":"Promoci\u00f3 Ind\u00fastria del Coneixement - Fundacio Recerca","og_description":"Promoci\u00f3 Ind\u00fastria del ConeixementDesenvolupem una estrat\u00e8gia per al Programa d\u2019Ind\u00fastria del Coneixement d\u2019informaci\u00f3 i captaci\u00f3 d\u2019empreses de la fasel Mercat, treballant amb xarxes d'\u00e0ngels inversors i inversors de capital risc [&hellip;]","og_url":"https:\/\/fcri.cat\/ca\/cooperacio-publicoprivada\/promocio-doctorats-industrials\/","og_site_name":"Fundacio Recerca","article_publisher":"https:\/\/www.facebook.com\/fundaciorecerca","article_modified_time":"2021-03-31T12:24:30+00:00","twitter_card":"summary_large_image","twitter_site":"@fundaciorecerca","twitter_misc":{"Temps estimat de lectura":"1 minut"},"schema":{"@context":"https:\/\/schema.org","@graph":[{"@type":"WebPage","@id":"https:\/\/fcri.cat\/ca\/cooperacio-publicoprivada\/promocio-doctorats-industrials\/","url":"https:\/\/fcri.cat\/ca\/cooperacio-publicoprivada\/promocio-doctorats-industrials\/","name":"Promoci\u00f3 Ind\u00fastria del Coneixement - Fundacio Recerca","isPartOf":{"@id":"https:\/\/fcri.cat\/ca\/#website"},"datePublished":"2020-11-27T09:59:18+00:00","dateModified":"2021-03-31T12:24:30+00:00","breadcrumb":{"@id":"https:\/\/fcri.cat\/ca\/cooperacio-publicoprivada\/promocio-doctorats-industrials\/#breadcrumb"},"inLanguage":"ca","potentialAction":[{"@type":"ReadAction","target":["https:\/\/fcri.cat\/ca\/cooperacio-publicoprivada\/promocio-doctorats-industrials\/"]}]},{"@type":"BreadcrumbList","@id":"https:\/\/fcri.cat\/ca\/cooperacio-publicoprivada\/promocio-doctorats-industrials\/#breadcrumb","itemListElement":[{"@type":"ListItem","position":1,"name":"Inici","item":"https:\/\/fcri.cat\/ca\/"},{"@type":"ListItem","position":2,"name":"Cooperaci\u00f3 publicoprivada","item":"https:\/\/fcri.cat\/ca\/cooperacio-publicoprivada\/"},{"@type":"ListItem","position":3,"name":"Promoci\u00f3 Ind\u00fastria del Coneixement"}]},{"@type":"WebSite","@id":"https:\/\/fcri.cat\/ca\/#website","url":"https:\/\/fcri.cat\/ca\/","name":"Fundacio Recerca","description":"Fundaci\u00f3 Catalana per a la Recerca i la Innovaci\u00f3","potentialAction":[{"@type":"SearchAction","target":{"@type":"EntryPoint","urlTemplate":"https:\/\/fcri.cat\/ca\/?s={search_term_string}"},"query-input":"required name=search_term_string"}],"inLanguage":"ca"}]}},"_links":{"self":[{"href":"https:\/\/fcri.cat\/ca\/wp-json\/wp\/v2\/pages\/295"}],"collection":[{"href":"https:\/\/fcri.cat\/ca\/wp-json\/wp\/v2\/pages"}],"about":[{"href":"https:\/\/fcri.cat\/ca\/wp-json\/wp\/v2\/types\/page"}],"author":[{"embeddable":true,"href":"https:\/\/fcri.cat\/ca\/wp-json\/wp\/v2\/users\/6"}],"replies":[{"embeddable":true,"href":"https:\/\/fcri.cat\/ca\/wp-json\/wp\/v2\/comments?post=295"}],"version-history":[{"count":12,"href":"https:\/\/fcri.cat\/ca\/wp-json\/wp\/v2\/pages\/295\/revisions"}],"predecessor-version":[{"id":6958,"href":"https:\/\/fcri.cat\/ca\/wp-json\/wp\/v2\/pages\/295\/revisions\/6958"}],"up":[{"embeddable":true,"href":"https:\/\/fcri.cat\/ca\/wp-json\/wp\/v2\/pages\/265"}],"wp:attachment":[{"href":"https:\/\/fcri.cat\/ca\/wp-json\/wp\/v2\/media?parent=295"}],"curies":[{"name":"wp","href":"https:\/\/api.w.org\/{rel}","templated":true}]}}

Promoció Indústria del Coneixement

[et_pb_section fb_built=&#8221;1&#8243; admin_label=&#8221;Hero&#8221; _builder_version=&#8221;3.22&#8243; custom_padding=&#8221;2px|||||&#8221; locked=&#8221;off&#8221;][et_pb_row column_structure=&#8221;3_5,2_5&#8243; _builder_version=&#8221;4.7.3&#8243; _module_preset=&#8221;default&#8221; custom_padding=&#8221;73px|||||&#8221; locked=&#8221;off&#8221;][et_pb_column type=&#8221;3_5&#8243; _builder_version=&#8221;4.7.3&#8243; _module_preset=&#8221;default&#8221; custom_padding=&#8221;|50px|||false|false&#8221; custom_padding_tablet=&#8221;|0px|40px||false|false&#8221; custom_padding_phone=&#8221;||40px||false|false&#8221; custom_padding_last_edited=&#8221;on|desktop&#8221;][et_pb_text _builder_version=&#8221;4.7.3&#8243; _module_preset=&#8221;default&#8221;]<h1>Promoció Indústria del Coneixement</h1>[/et_pb_text][et_pb_text _builder_version=&#8221;4.7.3&#8243; _module_preset=&#8221;default&#8221;]<p>Desenvolupem una estratègia per al Programa d’Indústria del Coneixement d’informació i captació d’empreses de la fasel Mercat, treballant amb xarxes d&#8217;àngels inversors i inversors de capital risc per a la fase Llavor, i agrupacions empresarials i agents sectorials per a la fase Producte.</p>[/et_pb_text][et_pb_text _builder_version=&#8221;4.7.3&#8243; _module_preset=&#8221;default&#8221; custom_margin=&#8221;20px||||false|false&#8221;]<p>Contribuïm a la creació d’una xarxa de mentors disposats a col·laborar en projectes d’innovació científica del Programa d’Indústria del Coneixement.</p>[/et_pb_text][/et_pb_column][et_pb_column type=&#8221;2_5&#8243; _builder_version=&#8221;4.7.3&#8243; _module_preset=&#8221;default&#8221; custom_padding=&#8221;|||15px|false|false&#8221; custom_padding_tablet=&#8221;80px|||0px|false|false&#8221; custom_padding_phone=&#8221;60px||||false|false&#8221; custom_padding_last_edited=&#8221;on|tablet&#8221; border_width_left=&#8221;1px&#8221; border_width_top_tablet=&#8221;1px&#8221; border_width_top_phone=&#8221;&#8221; border_width_top_last_edited=&#8221;on|phone&#8221; border_width_left_tablet=&#8221;0px&#8221; border_width_left_phone=&#8221;0px&#8221; border_width_left_last_edited=&#8221;on|tablet&#8221;][et_pb_text _builder_version=&#8221;4.7.3&#8243; _module_preset=&#8221;default&#8221;]<p><a target="_blank" class="custom-link" href="http://universitatsirecerca.gencat.cat/03_ambits_dactuacio/Transferencia-de-coneixement/programa-industria-del-coneixement/index.html" title="Web Programa Indústria del Coneixement" rel="noopener noreferrer">Web Programa Indústria del Coneixement</a></p>[/et_pb_text][et_pb_text _builder_version=&#8221;4.7.3&#8243; _module_preset=&#8221;default&#8221;]<h2>Contacte</h2>
<p>Susaina Figuera<br><a class="underline" href="mailto:sfiguera@fcri.cat" rel="alternate">sfiguera@fcri.cat</a></p>[/et_pb_text][et_pb_text _builder_version=&#8221;4.7.3&#8243; _module_preset=&#8221;default&#8221; header_3_font_size=&#8221;23px&#8221;]<h3>Col·laboradors</h3>
<p>Col·laborem amb l&#8217;Agència de Gestió d&#8217;Ajuts Universitaris i de Recerca (AGAUR) i la Secretària d&#8217;Universitats i Recerca.</p>[/et_pb_text][et_pb_image src=&#8221;https://fcri.cat/wp-content/uploads/2020/11/logogene.png&#8221; alt=&#8221;Logo Generalitat de Catalunya&#8221; title_text=&#8221;Logo Generalitat de Catalunya&#8221; _builder_version=&#8221;4.7.3&#8243; _module_preset=&#8221;default&#8221; custom_margin=&#8221;50px||||false|false&#8221; filter_saturate=&#8221;0%&#8221;][/et_pb_image][et_pb_image src=&#8221;https://fcri.cat/wp-content/uploads/2020/11/logoagaur_verd-1.png&#8221; alt=&#8221;Agència de Gestiò&#8221; title_text=&#8221;Agència de Gestiò&#8221; _builder_version=&#8221;4.7.3&#8243; _module_preset=&#8221;default&#8221; custom_margin=&#8221;28px||||false|false&#8221; filter_brightness=&#8221;0%&#8221;][/et_pb_image][et_pb_blurb title=&#8221;És temps de fer gran la ciència&#8221; url=&#8221;https://donacions.fcri.cat/&#8221; url_new_window=&#8221;on&#8221; image=&#8221;https://fcri.cat/wp-content/uploads/2021/03/donacions_global-banner-web.png&#8221; alt=&#8221;imatge representativa donacions fcri&#8221; icon_placement_tablet=&#8221;left&#8221; icon_placement_phone=&#8221;top&#8221; icon_placement_last_edited=&#8221;on|tablet&#8221; image_max_width_tablet=&#8221;25vw&#8221; image_max_width_phone=&#8221;90%&#8221; image_max_width_last_edited=&#8221;on|tablet&#8221; admin_label=&#8221;donacions&#8221; _builder_version=&#8221;4.9.1&#8243; _module_preset=&#8221;default&#8221; header_text_color=&#8221;#7E6C68&#8243; header_font_size=&#8221;1.25em&#8221; header_line_height=&#8221;1.25em&#8221; background_color=&#8221;#eeebd7&#8243; text_orientation=&#8221;center&#8221; custom_margin=&#8221;60px||30px||false|true&#8221; custom_padding=&#8221;40px|40px|40px|40px|true|true&#8221; custom_padding_tablet=&#8221;|40px||40px|false|true&#8221; custom_padding_phone=&#8221;&#8221; custom_padding_last_edited=&#8221;on|phone&#8221; animation=&#8221;off&#8221; link_option_url=&#8221;https://donacions.fcri.cat/&#8221; link_option_url_new_window=&#8221;on&#8221; text_orientation_tablet=&#8221;left&#8221; text_orientation_phone=&#8221;&#8221; text_orientation_last_edited=&#8221;on|tablet&#8221; border_width_all=&#8221;1px&#8221; border_color_all=&#8221;#eeebd7&#8243; saved_tabs=&#8221;all&#8221; border_color_all__hover_enabled=&#8221;on|desktop&#8221; border_color_all__hover=&#8221;#000000&#8243; global_module=&#8221;6197&#8243;]<p><a class="donar-link" href="https://donacions.fcri.cat/" target="_blank" title="Fes la teva donació" rel="noopener noreferrer">Fes la teva donació</a></p>
[/et_pb_blurb][/et_pb_column][/et_pb_row][/et_pb_section]

<p>Promoció Indústria del ConeixementDesenvolupem una estratègia per al Programa d’Indústria del Coneixement d’informació i captació d’empreses de la fasel Mercat, treballant amb xarxes d&#8217;àngels inversors i inversors de capital risc [&hellip;]</p>

<!-- This site is optimized with the Yoast SEO plugin v22.9 - https://yoast.com/wordpress/plugins/seo/ -->
<title>Promoció Indústria del Coneixement - Fundacio Recerca</title>
<meta name="robots" content="index, follow, max-snippet:-1, max-image-preview:large, max-video-preview:-1" />
<link rel="canonical" href="https://fcri.cat/ca/cooperacio-publicoprivada/promocio-doctorats-industrials/" />
<meta property="og:locale" content="ca_ES" />
<meta property="og:type" content="article" />
<meta property="og:title" content="Promoció Indústria del Coneixement - Fundacio Recerca" />
<meta property="og:description" content="Promoció Indústria del ConeixementDesenvolupem una estratègia per al Programa d’Indústria del Coneixement d’informació i captació d’empreses de la fasel Mercat, treballant amb xarxes d&#039;àngels inversors i inversors de capital risc [&hellip;]" />
<meta property="og:url" content="https://fcri.cat/ca/cooperacio-publicoprivada/promocio-doctorats-industrials/" />
<meta property="og:site_name" content="Fundacio Recerca" />
<meta property="article:publisher" content="https://www.facebook.com/fundaciorecerca" />
<meta property="article:modified_time" content="2021-03-31T12:24:30+00:00" />
<meta name="twitter:card" content="summary_large_image" />
<meta name="twitter:site" content="@fundaciorecerca" />
<meta name="twitter:label1" content="Temps estimat de lectura" />
	<meta name="twitter:data1" content="1 minut" />
<script type="application/ld+json" class="yoast-schema-graph">{"@context":"https://schema.org","@graph":[{"@type":"WebPage","@id":"https://fcri.cat/ca/cooperacio-publicoprivada/promocio-doctorats-industrials/","url":"https://fcri.cat/ca/cooperacio-publicoprivada/promocio-doctorats-industrials/","name":"Promoció Indústria del Coneixement - Fundacio Recerca","isPartOf":{"@id":"https://fcri.cat/ca/#website"},"datePublished":"2020-11-27T09:59:18+00:00","dateModified":"2021-03-31T12:24:30+00:00","breadcrumb":{"@id":"https://fcri.cat/ca/cooperacio-publicoprivada/promocio-doctorats-industrials/#breadcrumb"},"inLanguage":"ca","potentialAction":[{"@type":"ReadAction","target":["https://fcri.cat/ca/cooperacio-publicoprivada/promocio-doctorats-industrials/"]}]},{"@type":"BreadcrumbList","@id":"https://fcri.cat/ca/cooperacio-publicoprivada/promocio-doctorats-industrials/#breadcrumb","itemListElement":[{"@type":"ListItem","position":1,"name":"Inici","item":"https://fcri.cat/ca/"},{"@type":"ListItem","position":2,"name":"Cooperació publicoprivada","item":"https://fcri.cat/ca/cooperacio-publicoprivada/"},{"@type":"ListItem","position":3,"name":"Promoció Indústria del Coneixement"}]},{"@type":"WebSite","@id":"https://fcri.cat/ca/#website","url":"https://fcri.cat/ca/","name":"Fundacio Recerca","description":"Fundació Catalana per a la Recerca i la Innovació","potentialAction":[{"@type":"SearchAction","target":{"@type":"EntryPoint","urlTemplate":"https://fcri.cat/ca/?s={search_term_string}"},"query-input":"required name=search_term_string"}],"inLanguage":"ca"}]}</script>
<!-- / Yoast SEO plugin. -->

Promoció Indústria del Coneixement - Fundacio Recerca

Promoció Indústria del ConeixementDesenvolupem una estratègia per al Programa d’Indústria del Coneixement d’informació i captació d’empreses de la fasel Mercat, treballant amb xarxes d'àngels inversors i inversors de capital risc [&hellip;]

Cooperació publicoprivada

Fundació Catalana per a la Recerca i la Innovació
