{"id":20049,"date":"2024-07-15T09:14:12","date_gmt":"2024-07-15T08:14:12","guid":{"rendered":"https:\/\/fundaciorecerca.cat\/?post_type=tribe_events&#038;p=20049"},"modified":"2024-07-24T09:33:39","modified_gmt":"2024-07-24T08:33:39","slug":"final-premis-tuca-2024","status":"publish","type":"tribe_events","link":"https:\/\/fcri.cat\/ca\/agenda\/final-premis-tuca-2024\/","title":{"rendered":"Final Premis TUCA 2024"},"content":{"rendered":"<p>La iniciativa premia v\u00eddeos curts verticals de m\u00e0xim 3 minuts de durada sobre espais, equipaments o indrets relacionats amb el turisme de rerefons cient\u00edfic d\u2019arreu el pa\u00eds, realitzats en catal\u00e0 per joves de 18 a 25 anys.<\/p>\n<p>Per assistir-hi com a p\u00fablic, cliqueu\u00a0<a href=\"https:\/\/projectes.fcri.cat\/premis_tuca_gala\/index.asp?accio=formulari&amp;primeravez=SI\">aqu\u00ed<\/a>\u00a0(aforament limitat).<\/p>\n","protected":false},"excerpt":{"rendered":"<p>La iniciativa premia v\u00eddeos curts verticals de m\u00e0xim 3 minuts de durada sobre espais, equipaments o indrets relacionats amb el turisme de rerefons cient\u00edfic d\u2019arreu el pa\u00eds, realitzats en catal\u00e0 [&hellip;]<\/p>\n","protected":false},"author":7,"featured_media":0,"comment_status":"open","ping_status":"closed","template":"","meta":{"_et_pb_use_builder":"","_et_pb_old_content":"","_et_gb_content_width":"","_tribe_events_status":"","_tribe_events_status_reason":"","footnotes":""},"tags":[],"tribe_events_cat":[93,99],"class_list":["post-20049","tribe_events","type-tribe_events","status-publish","hentry","tribe_events_cat-agenda","tribe_events_cat-la-fundacio","cat_agenda","cat_la-fundacio"],"yoast_head":"<!-- This site is optimized with the Yoast SEO plugin v22.9 - https:\/\/yoast.com\/wordpress\/plugins\/seo\/ -->\n<title>Final Premis TUCA 2024 - Fundacio Recerca<\/title>\n<meta name=\"robots\" content=\"index, follow, max-snippet:-1, max-image-preview:large, max-video-preview:-1\" \/>\n<link rel=\"canonical\" href=\"https:\/\/fcri.cat\/ca\/agenda\/final-premis-tuca-2024\/\" \/>\n<meta property=\"og:locale\" content=\"ca_ES\" \/>\n<meta property=\"og:type\" content=\"article\" \/>\n<meta property=\"og:title\" content=\"Final Premis TUCA 2024 - Fundacio Recerca\" \/>\n<meta property=\"og:description\" content=\"La iniciativa premia v\u00eddeos curts verticals de m\u00e0xim 3 minuts de durada sobre espais, equipaments o indrets relacionats amb el turisme de rerefons cient\u00edfic d\u2019arreu el pa\u00eds, realitzats en catal\u00e0 [&hellip;]\" \/>\n<meta property=\"og:url\" content=\"https:\/\/fcri.cat\/ca\/agenda\/final-premis-tuca-2024\/\" \/>\n<meta property=\"og:site_name\" content=\"Fundacio Recerca\" \/>\n<meta property=\"article:publisher\" content=\"https:\/\/www.facebook.com\/fundaciorecerca\" \/>\n<meta property=\"article:modified_time\" content=\"2024-07-24T08:33:39+00:00\" \/>\n<meta name=\"twitter:card\" content=\"summary_large_image\" \/>\n<meta name=\"twitter:site\" content=\"@fundaciorecerca\" \/>\n<meta name=\"twitter:label1\" content=\"Temps estimat de lectura\" \/>\n\t<meta name=\"twitter:data1\" content=\"1 minut\" \/>\n<script type=\"application\/ld+json\" class=\"yoast-schema-graph\">{\"@context\":\"https:\/\/schema.org\",\"@graph\":[{\"@type\":\"WebPage\",\"@id\":\"https:\/\/fcri.cat\/ca\/agenda\/final-premis-tuca-2024\/\",\"url\":\"https:\/\/fcri.cat\/ca\/agenda\/final-premis-tuca-2024\/\",\"name\":\"Final Premis TUCA 2024 - Fundacio Recerca\",\"isPartOf\":{\"@id\":\"https:\/\/fcri.cat\/ca\/#website\"},\"datePublished\":\"2024-07-15T08:14:12+00:00\",\"dateModified\":\"2024-07-24T08:33:39+00:00\",\"breadcrumb\":{\"@id\":\"https:\/\/fcri.cat\/ca\/agenda\/final-premis-tuca-2024\/#breadcrumb\"},\"inLanguage\":\"ca\",\"potentialAction\":[{\"@type\":\"ReadAction\",\"target\":[\"https:\/\/fcri.cat\/ca\/agenda\/final-premis-tuca-2024\/\"]}]},{\"@type\":\"BreadcrumbList\",\"@id\":\"https:\/\/fcri.cat\/ca\/agenda\/final-premis-tuca-2024\/#breadcrumb\",\"itemListElement\":[{\"@type\":\"ListItem\",\"position\":1,\"name\":\"Inici\",\"item\":\"https:\/\/fcri.cat\/ca\/\"},{\"@type\":\"ListItem\",\"position\":2,\"name\":\"Esdeveniments\",\"item\":\"https:\/\/fcri.cat\/ca\/agenda\/\"},{\"@type\":\"ListItem\",\"position\":3,\"name\":\"Final Premis TUCA 2024\"}]},{\"@type\":\"WebSite\",\"@id\":\"https:\/\/fcri.cat\/ca\/#website\",\"url\":\"https:\/\/fcri.cat\/ca\/\",\"name\":\"Fundacio Recerca\",\"description\":\"Fundaci\u00f3 Catalana per a la Recerca i la Innovaci\u00f3\",\"potentialAction\":[{\"@type\":\"SearchAction\",\"target\":{\"@type\":\"EntryPoint\",\"urlTemplate\":\"https:\/\/fcri.cat\/ca\/?s={search_term_string}\"},\"query-input\":\"required name=search_term_string\"}],\"inLanguage\":\"ca\"}]}<\/script>\n<!-- \/ Yoast SEO plugin. -->","yoast_head_json":{"title":"Final Premis TUCA 2024 - Fundacio Recerca","robots":{"index":"index","follow":"follow","max-snippet":"max-snippet:-1","max-image-preview":"max-image-preview:large","max-video-preview":"max-video-preview:-1"},"canonical":"https:\/\/fcri.cat\/ca\/agenda\/final-premis-tuca-2024\/","og_locale":"ca_ES","og_type":"article","og_title":"Final Premis TUCA 2024 - Fundacio Recerca","og_description":"La iniciativa premia v\u00eddeos curts verticals de m\u00e0xim 3 minuts de durada sobre espais, equipaments o indrets relacionats amb el turisme de rerefons cient\u00edfic d\u2019arreu el pa\u00eds, realitzats en catal\u00e0 [&hellip;]","og_url":"https:\/\/fcri.cat\/ca\/agenda\/final-premis-tuca-2024\/","og_site_name":"Fundacio Recerca","article_publisher":"https:\/\/www.facebook.com\/fundaciorecerca","article_modified_time":"2024-07-24T08:33:39+00:00","twitter_card":"summary_large_image","twitter_site":"@fundaciorecerca","twitter_misc":{"Temps estimat de lectura":"1 minut"},"schema":{"@context":"https:\/\/schema.org","@graph":[{"@type":"WebPage","@id":"https:\/\/fcri.cat\/ca\/agenda\/final-premis-tuca-2024\/","url":"https:\/\/fcri.cat\/ca\/agenda\/final-premis-tuca-2024\/","name":"Final Premis TUCA 2024 - Fundacio Recerca","isPartOf":{"@id":"https:\/\/fcri.cat\/ca\/#website"},"datePublished":"2024-07-15T08:14:12+00:00","dateModified":"2024-07-24T08:33:39+00:00","breadcrumb":{"@id":"https:\/\/fcri.cat\/ca\/agenda\/final-premis-tuca-2024\/#breadcrumb"},"inLanguage":"ca","potentialAction":[{"@type":"ReadAction","target":["https:\/\/fcri.cat\/ca\/agenda\/final-premis-tuca-2024\/"]}]},{"@type":"BreadcrumbList","@id":"https:\/\/fcri.cat\/ca\/agenda\/final-premis-tuca-2024\/#breadcrumb","itemListElement":[{"@type":"ListItem","position":1,"name":"Inici","item":"https:\/\/fcri.cat\/ca\/"},{"@type":"ListItem","position":2,"name":"Esdeveniments","item":"https:\/\/fcri.cat\/ca\/agenda\/"},{"@type":"ListItem","position":3,"name":"Final Premis TUCA 2024"}]},{"@type":"WebSite","@id":"https:\/\/fcri.cat\/ca\/#website","url":"https:\/\/fcri.cat\/ca\/","name":"Fundacio Recerca","description":"Fundaci\u00f3 Catalana per a la Recerca i la Innovaci\u00f3","potentialAction":[{"@type":"SearchAction","target":{"@type":"EntryPoint","urlTemplate":"https:\/\/fcri.cat\/ca\/?s={search_term_string}"},"query-input":"required name=search_term_string"}],"inLanguage":"ca"}]}},"_links":{"self":[{"href":"https:\/\/fcri.cat\/ca\/wp-json\/wp\/v2\/tribe_events\/20049"}],"collection":[{"href":"https:\/\/fcri.cat\/ca\/wp-json\/wp\/v2\/tribe_events"}],"about":[{"href":"https:\/\/fcri.cat\/ca\/wp-json\/wp\/v2\/types\/tribe_events"}],"author":[{"embeddable":true,"href":"https:\/\/fcri.cat\/ca\/wp-json\/wp\/v2\/users\/7"}],"replies":[{"embeddable":true,"href":"https:\/\/fcri.cat\/ca\/wp-json\/wp\/v2\/comments?post=20049"}],"version-history":[{"count":2,"href":"https:\/\/fcri.cat\/ca\/wp-json\/wp\/v2\/tribe_events\/20049\/revisions"}],"predecessor-version":[{"id":20053,"href":"https:\/\/fcri.cat\/ca\/wp-json\/wp\/v2\/tribe_events\/20049\/revisions\/20053"}],"wp:attachment":[{"href":"https:\/\/fcri.cat\/ca\/wp-json\/wp\/v2\/media?parent=20049"}],"wp:term":[{"taxonomy":"post_tag","embeddable":true,"href":"https:\/\/fcri.cat\/ca\/wp-json\/wp\/v2\/tags?post=20049"},{"taxonomy":"tribe_events_cat","embeddable":true,"href":"https:\/\/fcri.cat\/ca\/wp-json\/wp\/v2\/tribe_events_cat?post=20049"}],"curies":[{"name":"wp","href":"https:\/\/api.w.org\/{rel}","templated":true}]}}

<p>La iniciativa premia vídeos curts verticals de màxim 3 minuts de durada sobre espais, equipaments o indrets relacionats amb el turisme de rerefons científic d’arreu el país, realitzats en català per joves de 18 a 25 anys.</p>
<p>Per assistir-hi com a públic, cliqueu <a href="https://projectes.fcri.cat/premis_tuca_gala/index.asp?accio=formulari&amp;primeravez=SI">aquí</a> (aforament limitat).</p>

<p>La iniciativa premia vídeos curts verticals de màxim 3 minuts de durada sobre espais, equipaments o indrets relacionats amb el turisme de rerefons científic d’arreu el país, realitzats en català [&hellip;]</p>

<!-- This site is optimized with the Yoast SEO plugin v22.9 - https://yoast.com/wordpress/plugins/seo/ -->
<title>Final Premis TUCA 2024 - Fundacio Recerca</title>
<meta name="robots" content="index, follow, max-snippet:-1, max-image-preview:large, max-video-preview:-1" />
<link rel="canonical" href="https://fcri.cat/ca/agenda/final-premis-tuca-2024/" />
<meta property="og:locale" content="ca_ES" />
<meta property="og:type" content="article" />
<meta property="og:title" content="Final Premis TUCA 2024 - Fundacio Recerca" />
<meta property="og:description" content="La iniciativa premia vídeos curts verticals de màxim 3 minuts de durada sobre espais, equipaments o indrets relacionats amb el turisme de rerefons científic d’arreu el país, realitzats en català [&hellip;]" />
<meta property="og:url" content="https://fcri.cat/ca/agenda/final-premis-tuca-2024/" />
<meta property="og:site_name" content="Fundacio Recerca" />
<meta property="article:publisher" content="https://www.facebook.com/fundaciorecerca" />
<meta property="article:modified_time" content="2024-07-24T08:33:39+00:00" />
<meta name="twitter:card" content="summary_large_image" />
<meta name="twitter:site" content="@fundaciorecerca" />
<meta name="twitter:label1" content="Temps estimat de lectura" />
	<meta name="twitter:data1" content="1 minut" />
<script type="application/ld+json" class="yoast-schema-graph">{"@context":"https://schema.org","@graph":[{"@type":"WebPage","@id":"https://fcri.cat/ca/agenda/final-premis-tuca-2024/","url":"https://fcri.cat/ca/agenda/final-premis-tuca-2024/","name":"Final Premis TUCA 2024 - Fundacio Recerca","isPartOf":{"@id":"https://fcri.cat/ca/#website"},"datePublished":"2024-07-15T08:14:12+00:00","dateModified":"2024-07-24T08:33:39+00:00","breadcrumb":{"@id":"https://fcri.cat/ca/agenda/final-premis-tuca-2024/#breadcrumb"},"inLanguage":"ca","potentialAction":[{"@type":"ReadAction","target":["https://fcri.cat/ca/agenda/final-premis-tuca-2024/"]}]},{"@type":"BreadcrumbList","@id":"https://fcri.cat/ca/agenda/final-premis-tuca-2024/#breadcrumb","itemListElement":[{"@type":"ListItem","position":1,"name":"Inici","item":"https://fcri.cat/ca/"},{"@type":"ListItem","position":2,"name":"Esdeveniments","item":"https://fcri.cat/ca/agenda/"},{"@type":"ListItem","position":3,"name":"Final Premis TUCA 2024"}]},{"@type":"WebSite","@id":"https://fcri.cat/ca/#website","url":"https://fcri.cat/ca/","name":"Fundacio Recerca","description":"Fundació Catalana per a la Recerca i la Innovació","potentialAction":[{"@type":"SearchAction","target":{"@type":"EntryPoint","urlTemplate":"https://fcri.cat/ca/?s={search_term_string}"},"query-input":"required name=search_term_string"}],"inLanguage":"ca"}]}</script>
<!-- / Yoast SEO plugin. -->

La iniciativa premia vídeos curts verticals de màxim 3 minuts de durada sobre espais, equipaments o indrets relacionats amb el turisme de rerefons científic d’arreu el país, realitzats en català [&hellip;]

Fundació Catalana per a la Recerca i la Innovació
