{"id":9343,"date":"2021-09-10T09:29:35","date_gmt":"2021-09-10T08:29:35","guid":{"rendered":"https:\/\/fundaciorecerca.cat\/?post_type=tribe_events&#038;p=9343"},"modified":"2021-10-18T11:32:09","modified_gmt":"2021-10-18T10:32:09","slug":"nit-de-la-recerca-2021","status":"publish","type":"tribe_events","link":"https:\/\/fcri.cat\/ca\/agenda\/nit-de-la-recerca-2021\/","title":{"rendered":"Nit de la recerca 2021"},"content":{"rendered":"<p>Del 21 al 24 de setembre, torna la Nit Europea de la Recerca, l&#8217;esdeveniment p\u00fablic dedicat a la divulgaci\u00f3 de la ci\u00e8ncia, que vol apropar la recerca, la innovaci\u00f3 al p\u00fablic de totes les edats de manera planera i divertida.<\/p>\n<p>Consulta <strong><a href=\"https:\/\/lanitdelarecerca.cat\/\">aqu\u00ed<\/a><\/strong> la programaci\u00f3 d&#8217;activitats dels cinc nodes de Catalunya.<\/p>\n","protected":false},"excerpt":{"rendered":"<p>Del 21 al 24 de setembre, torna la Nit Europea de la Recerca, l&#8217;esdeveniment p\u00fablic dedicat a la divulgaci\u00f3 de la ci\u00e8ncia, que vol apropar la recerca, la innovaci\u00f3 al [&hellip;]<\/p>\n","protected":false},"author":3,"featured_media":0,"comment_status":"open","ping_status":"closed","template":"","meta":{"_et_pb_use_builder":"","_et_pb_old_content":"","_et_gb_content_width":"","_tribe_events_status":"","_tribe_events_status_reason":"","footnotes":""},"tags":[],"tribe_events_cat":[93,96],"class_list":["post-9343","tribe_events","type-tribe_events","status-publish","hentry","tribe_events_cat-agenda","tribe_events_cat-ciencia-i-ciutadania-agenda","cat_agenda","cat_ciencia-i-ciutadania-agenda"],"yoast_head":"<!-- This site is optimized with the Yoast SEO plugin v22.9 - https:\/\/yoast.com\/wordpress\/plugins\/seo\/ -->\n<title>Nit de la recerca 2021 - Fundacio Recerca<\/title>\n<meta name=\"robots\" content=\"index, follow, max-snippet:-1, max-image-preview:large, max-video-preview:-1\" \/>\n<link rel=\"canonical\" href=\"https:\/\/fcri.cat\/ca\/agenda\/nit-de-la-recerca-2021\/\" \/>\n<meta property=\"og:locale\" content=\"ca_ES\" \/>\n<meta property=\"og:type\" content=\"article\" \/>\n<meta property=\"og:title\" content=\"Nit de la recerca 2021 - Fundacio Recerca\" \/>\n<meta property=\"og:description\" content=\"Del 21 al 24 de setembre, torna la Nit Europea de la Recerca, l&#8217;esdeveniment p\u00fablic dedicat a la divulgaci\u00f3 de la ci\u00e8ncia, que vol apropar la recerca, la innovaci\u00f3 al [&hellip;]\" \/>\n<meta property=\"og:url\" content=\"https:\/\/fcri.cat\/ca\/agenda\/nit-de-la-recerca-2021\/\" \/>\n<meta property=\"og:site_name\" content=\"Fundacio Recerca\" \/>\n<meta property=\"article:publisher\" content=\"https:\/\/www.facebook.com\/fundaciorecerca\" \/>\n<meta property=\"article:modified_time\" content=\"2021-10-18T10:32:09+00:00\" \/>\n<meta name=\"twitter:card\" content=\"summary_large_image\" \/>\n<meta name=\"twitter:site\" content=\"@fundaciorecerca\" \/>\n<meta name=\"twitter:label1\" content=\"Temps estimat de lectura\" \/>\n\t<meta name=\"twitter:data1\" content=\"1 minut\" \/>\n<script type=\"application\/ld+json\" class=\"yoast-schema-graph\">{\"@context\":\"https:\/\/schema.org\",\"@graph\":[{\"@type\":\"WebPage\",\"@id\":\"https:\/\/fcri.cat\/ca\/agenda\/nit-de-la-recerca-2021\/\",\"url\":\"https:\/\/fcri.cat\/ca\/agenda\/nit-de-la-recerca-2021\/\",\"name\":\"Nit de la recerca 2021 - Fundacio Recerca\",\"isPartOf\":{\"@id\":\"https:\/\/fcri.cat\/ca\/#website\"},\"datePublished\":\"2021-09-10T08:29:35+00:00\",\"dateModified\":\"2021-10-18T10:32:09+00:00\",\"breadcrumb\":{\"@id\":\"https:\/\/fcri.cat\/ca\/agenda\/nit-de-la-recerca-2021\/#breadcrumb\"},\"inLanguage\":\"ca\",\"potentialAction\":[{\"@type\":\"ReadAction\",\"target\":[\"https:\/\/fcri.cat\/ca\/agenda\/nit-de-la-recerca-2021\/\"]}]},{\"@type\":\"BreadcrumbList\",\"@id\":\"https:\/\/fcri.cat\/ca\/agenda\/nit-de-la-recerca-2021\/#breadcrumb\",\"itemListElement\":[{\"@type\":\"ListItem\",\"position\":1,\"name\":\"Inici\",\"item\":\"https:\/\/fcri.cat\/ca\/\"},{\"@type\":\"ListItem\",\"position\":2,\"name\":\"Esdeveniments\",\"item\":\"https:\/\/fcri.cat\/ca\/agenda\/\"},{\"@type\":\"ListItem\",\"position\":3,\"name\":\"Nit de la recerca 2021\"}]},{\"@type\":\"WebSite\",\"@id\":\"https:\/\/fcri.cat\/ca\/#website\",\"url\":\"https:\/\/fcri.cat\/ca\/\",\"name\":\"Fundacio Recerca\",\"description\":\"Fundaci\u00f3 Catalana per a la Recerca i la Innovaci\u00f3\",\"potentialAction\":[{\"@type\":\"SearchAction\",\"target\":{\"@type\":\"EntryPoint\",\"urlTemplate\":\"https:\/\/fcri.cat\/ca\/?s={search_term_string}\"},\"query-input\":\"required name=search_term_string\"}],\"inLanguage\":\"ca\"}]}<\/script>\n<!-- \/ Yoast SEO plugin. -->","yoast_head_json":{"title":"Nit de la recerca 2021 - Fundacio Recerca","robots":{"index":"index","follow":"follow","max-snippet":"max-snippet:-1","max-image-preview":"max-image-preview:large","max-video-preview":"max-video-preview:-1"},"canonical":"https:\/\/fcri.cat\/ca\/agenda\/nit-de-la-recerca-2021\/","og_locale":"ca_ES","og_type":"article","og_title":"Nit de la recerca 2021 - Fundacio Recerca","og_description":"Del 21 al 24 de setembre, torna la Nit Europea de la Recerca, l&#8217;esdeveniment p\u00fablic dedicat a la divulgaci\u00f3 de la ci\u00e8ncia, que vol apropar la recerca, la innovaci\u00f3 al [&hellip;]","og_url":"https:\/\/fcri.cat\/ca\/agenda\/nit-de-la-recerca-2021\/","og_site_name":"Fundacio Recerca","article_publisher":"https:\/\/www.facebook.com\/fundaciorecerca","article_modified_time":"2021-10-18T10:32:09+00:00","twitter_card":"summary_large_image","twitter_site":"@fundaciorecerca","twitter_misc":{"Temps estimat de lectura":"1 minut"},"schema":{"@context":"https:\/\/schema.org","@graph":[{"@type":"WebPage","@id":"https:\/\/fcri.cat\/ca\/agenda\/nit-de-la-recerca-2021\/","url":"https:\/\/fcri.cat\/ca\/agenda\/nit-de-la-recerca-2021\/","name":"Nit de la recerca 2021 - Fundacio Recerca","isPartOf":{"@id":"https:\/\/fcri.cat\/ca\/#website"},"datePublished":"2021-09-10T08:29:35+00:00","dateModified":"2021-10-18T10:32:09+00:00","breadcrumb":{"@id":"https:\/\/fcri.cat\/ca\/agenda\/nit-de-la-recerca-2021\/#breadcrumb"},"inLanguage":"ca","potentialAction":[{"@type":"ReadAction","target":["https:\/\/fcri.cat\/ca\/agenda\/nit-de-la-recerca-2021\/"]}]},{"@type":"BreadcrumbList","@id":"https:\/\/fcri.cat\/ca\/agenda\/nit-de-la-recerca-2021\/#breadcrumb","itemListElement":[{"@type":"ListItem","position":1,"name":"Inici","item":"https:\/\/fcri.cat\/ca\/"},{"@type":"ListItem","position":2,"name":"Esdeveniments","item":"https:\/\/fcri.cat\/ca\/agenda\/"},{"@type":"ListItem","position":3,"name":"Nit de la recerca 2021"}]},{"@type":"WebSite","@id":"https:\/\/fcri.cat\/ca\/#website","url":"https:\/\/fcri.cat\/ca\/","name":"Fundacio Recerca","description":"Fundaci\u00f3 Catalana per a la Recerca i la Innovaci\u00f3","potentialAction":[{"@type":"SearchAction","target":{"@type":"EntryPoint","urlTemplate":"https:\/\/fcri.cat\/ca\/?s={search_term_string}"},"query-input":"required name=search_term_string"}],"inLanguage":"ca"}]}},"_links":{"self":[{"href":"https:\/\/fcri.cat\/ca\/wp-json\/wp\/v2\/tribe_events\/9343"}],"collection":[{"href":"https:\/\/fcri.cat\/ca\/wp-json\/wp\/v2\/tribe_events"}],"about":[{"href":"https:\/\/fcri.cat\/ca\/wp-json\/wp\/v2\/types\/tribe_events"}],"author":[{"embeddable":true,"href":"https:\/\/fcri.cat\/ca\/wp-json\/wp\/v2\/users\/3"}],"replies":[{"embeddable":true,"href":"https:\/\/fcri.cat\/ca\/wp-json\/wp\/v2\/comments?post=9343"}],"version-history":[{"count":1,"href":"https:\/\/fcri.cat\/ca\/wp-json\/wp\/v2\/tribe_events\/9343\/revisions"}],"predecessor-version":[{"id":9344,"href":"https:\/\/fcri.cat\/ca\/wp-json\/wp\/v2\/tribe_events\/9343\/revisions\/9344"}],"wp:attachment":[{"href":"https:\/\/fcri.cat\/ca\/wp-json\/wp\/v2\/media?parent=9343"}],"wp:term":[{"taxonomy":"post_tag","embeddable":true,"href":"https:\/\/fcri.cat\/ca\/wp-json\/wp\/v2\/tags?post=9343"},{"taxonomy":"tribe_events_cat","embeddable":true,"href":"https:\/\/fcri.cat\/ca\/wp-json\/wp\/v2\/tribe_events_cat?post=9343"}],"curies":[{"name":"wp","href":"https:\/\/api.w.org\/{rel}","templated":true}]}}

<p>Del 21 al 24 de setembre, torna la Nit Europea de la Recerca, l&#8217;esdeveniment públic dedicat a la divulgació de la ciència, que vol apropar la recerca, la innovació al públic de totes les edats de manera planera i divertida.</p>
<p>Consulta <strong><a href="https://lanitdelarecerca.cat/">aquí</a></strong> la programació d&#8217;activitats dels cinc nodes de Catalunya.</p>

<p>Del 21 al 24 de setembre, torna la Nit Europea de la Recerca, l&#8217;esdeveniment públic dedicat a la divulgació de la ciència, que vol apropar la recerca, la innovació al [&hellip;]</p>

<!-- This site is optimized with the Yoast SEO plugin v22.9 - https://yoast.com/wordpress/plugins/seo/ -->
<title>Nit de la recerca 2021 - Fundacio Recerca</title>
<meta name="robots" content="index, follow, max-snippet:-1, max-image-preview:large, max-video-preview:-1" />
<link rel="canonical" href="https://fcri.cat/ca/agenda/nit-de-la-recerca-2021/" />
<meta property="og:locale" content="ca_ES" />
<meta property="og:type" content="article" />
<meta property="og:title" content="Nit de la recerca 2021 - Fundacio Recerca" />
<meta property="og:description" content="Del 21 al 24 de setembre, torna la Nit Europea de la Recerca, l&#8217;esdeveniment públic dedicat a la divulgació de la ciència, que vol apropar la recerca, la innovació al [&hellip;]" />
<meta property="og:url" content="https://fcri.cat/ca/agenda/nit-de-la-recerca-2021/" />
<meta property="og:site_name" content="Fundacio Recerca" />
<meta property="article:publisher" content="https://www.facebook.com/fundaciorecerca" />
<meta property="article:modified_time" content="2021-10-18T10:32:09+00:00" />
<meta name="twitter:card" content="summary_large_image" />
<meta name="twitter:site" content="@fundaciorecerca" />
<meta name="twitter:label1" content="Temps estimat de lectura" />
	<meta name="twitter:data1" content="1 minut" />
<script type="application/ld+json" class="yoast-schema-graph">{"@context":"https://schema.org","@graph":[{"@type":"WebPage","@id":"https://fcri.cat/ca/agenda/nit-de-la-recerca-2021/","url":"https://fcri.cat/ca/agenda/nit-de-la-recerca-2021/","name":"Nit de la recerca 2021 - Fundacio Recerca","isPartOf":{"@id":"https://fcri.cat/ca/#website"},"datePublished":"2021-09-10T08:29:35+00:00","dateModified":"2021-10-18T10:32:09+00:00","breadcrumb":{"@id":"https://fcri.cat/ca/agenda/nit-de-la-recerca-2021/#breadcrumb"},"inLanguage":"ca","potentialAction":[{"@type":"ReadAction","target":["https://fcri.cat/ca/agenda/nit-de-la-recerca-2021/"]}]},{"@type":"BreadcrumbList","@id":"https://fcri.cat/ca/agenda/nit-de-la-recerca-2021/#breadcrumb","itemListElement":[{"@type":"ListItem","position":1,"name":"Inici","item":"https://fcri.cat/ca/"},{"@type":"ListItem","position":2,"name":"Esdeveniments","item":"https://fcri.cat/ca/agenda/"},{"@type":"ListItem","position":3,"name":"Nit de la recerca 2021"}]},{"@type":"WebSite","@id":"https://fcri.cat/ca/#website","url":"https://fcri.cat/ca/","name":"Fundacio Recerca","description":"Fundació Catalana per a la Recerca i la Innovació","potentialAction":[{"@type":"SearchAction","target":{"@type":"EntryPoint","urlTemplate":"https://fcri.cat/ca/?s={search_term_string}"},"query-input":"required name=search_term_string"}],"inLanguage":"ca"}]}</script>
<!-- / Yoast SEO plugin. -->

Del 21 al 24 de setembre, torna la Nit Europea de la Recerca, l&#8217;esdeveniment públic dedicat a la divulgació de la ciència, que vol apropar la recerca, la innovació al [&hellip;]

Fundació Catalana per a la Recerca i la Innovació
