{"id":12888,"date":"2022-10-24T15:34:28","date_gmt":"2022-10-24T14:34:28","guid":{"rendered":"https:\/\/fundaciorecerca.cat\/?post_type=tribe_events&#038;p=12888"},"modified":"2022-11-24T10:41:57","modified_gmt":"2022-11-24T09:41:57","slug":"cafe-recerca-agrotechfood-industria-4-0-i-economia-circular","status":"publish","type":"tribe_events","link":"https:\/\/fcri.cat\/en\/agenda\/cafe-recerca-agrotechfood-industria-4-0-i-economia-circular\/","title":{"rendered":"Caf\u00e8 Recerca &#8220;Agrotechfood: Ind\u00fastria 4.0 i economia circular&#8221;"},"content":{"rendered":"<p>La Fundaci\u00f3 Catalana per a la Recerca i la Innovaci\u00f3 (FCRI) i la Fundaci\u00f3 IberCaja us conviden a assistir als propers Caf\u00e8s amb la Recerca, per con\u00e8ixer les principals tecnologies i tend\u00e8ncies de futur de la recerca en dos dels sectors del pa\u00eds amb m\u00e9s pes econ\u00f2mic i promesa innovadora: la salut i l&#8217;agroalimentaci\u00f3. Com a entitats referents del sector, els Caf\u00e8s amb la Recerca compten amb la col\u00b7laboraci\u00f3 de Bioinformatics Barcelona (BIB) i del Departament d&#8217;Acci\u00f3 Clim\u00e0tica, Alimentaci\u00f3 i Agenda Rural (DACC).<\/p>\n<p>Enguany recuperem la presencialitat dels Caf\u00e8s amb la Recerca. Les trobades tindran una durada m\u00e0xima de 90 minuts (de 9.30 a 11.00) i inclouran un refrigeri de networking servit immediatament despr\u00e9s.El primer caf\u00e8 tindr\u00e0 lloc el 23 de novembre i tractar\u00e0 el tema &#8220;Agrotechfood: Ind\u00fastria 4.0 i economia circular&#8221;.<\/p>\n<p><a href=\"https:\/\/fcri.cat\/cafes-de-la-recerca-2022\/\" title=\"M\u00e9s informaci\u00f3 i inscripcions\"><strong>M\u00e9s informaci\u00f3 i inscripcions aqu\u00ed.<\/strong><\/a><\/p>\n","protected":false},"excerpt":{"rendered":"<p>La Fundaci\u00f3 Catalana per a la Recerca i la Innovaci\u00f3 (FCRI) i la Fundaci\u00f3 IberCaja us conviden a assistir als propers Caf\u00e8s amb la Recerca, per con\u00e8ixer les principals tecnologies [&hellip;]<\/p>\n","protected":false},"author":3,"featured_media":0,"comment_status":"open","ping_status":"closed","template":"","meta":{"_et_pb_use_builder":"","_et_pb_old_content":"","_et_gb_content_width":"","_tribe_events_status":"","_tribe_events_status_reason":"","footnotes":""},"tags":[],"tribe_events_cat":[93,99],"class_list":["post-12888","tribe_events","type-tribe_events","status-publish","hentry","tribe_events_cat-agenda","tribe_events_cat-la-fundacio","cat_agenda","cat_la-fundacio"],"yoast_head":"<!-- This site is optimized with the Yoast SEO plugin v22.9 - https:\/\/yoast.com\/wordpress\/plugins\/seo\/ -->\n<title>Caf\u00e8 Recerca &quot;Agrotechfood: Ind\u00fastria 4.0 i economia circular&quot; - Fundacio Recerca<\/title>\n<meta name=\"robots\" content=\"index, follow, max-snippet:-1, max-image-preview:large, max-video-preview:-1\" \/>\n<link rel=\"canonical\" href=\"https:\/\/fcri.cat\/en\/agenda\/cafe-recerca-agrotechfood-industria-4-0-i-economia-circular\/\" \/>\n<meta property=\"og:locale\" content=\"en_US\" \/>\n<meta property=\"og:type\" content=\"article\" \/>\n<meta property=\"og:title\" content=\"Caf\u00e8 Recerca &quot;Agrotechfood: Ind\u00fastria 4.0 i economia circular&quot; - Fundacio Recerca\" \/>\n<meta property=\"og:description\" content=\"La Fundaci\u00f3 Catalana per a la Recerca i la Innovaci\u00f3 (FCRI) i la Fundaci\u00f3 IberCaja us conviden a assistir als propers Caf\u00e8s amb la Recerca, per con\u00e8ixer les principals tecnologies [&hellip;]\" \/>\n<meta property=\"og:url\" content=\"https:\/\/fcri.cat\/en\/agenda\/cafe-recerca-agrotechfood-industria-4-0-i-economia-circular\/\" \/>\n<meta property=\"og:site_name\" content=\"Fundacio Recerca\" \/>\n<meta property=\"article:publisher\" content=\"https:\/\/www.facebook.com\/fundaciorecerca\" \/>\n<meta property=\"article:modified_time\" content=\"2022-11-24T09:41:57+00:00\" \/>\n<meta name=\"twitter:card\" content=\"summary_large_image\" \/>\n<meta name=\"twitter:site\" content=\"@fundaciorecerca\" \/>\n<meta name=\"twitter:label1\" content=\"Est. reading time\" \/>\n\t<meta name=\"twitter:data1\" content=\"1 minute\" \/>\n<script type=\"application\/ld+json\" class=\"yoast-schema-graph\">{\"@context\":\"https:\/\/schema.org\",\"@graph\":[{\"@type\":\"WebPage\",\"@id\":\"https:\/\/fcri.cat\/en\/agenda\/cafe-recerca-agrotechfood-industria-4-0-i-economia-circular\/\",\"url\":\"https:\/\/fcri.cat\/en\/agenda\/cafe-recerca-agrotechfood-industria-4-0-i-economia-circular\/\",\"name\":\"Caf\u00e8 Recerca \\\"Agrotechfood: Ind\u00fastria 4.0 i economia circular\\\" - Fundacio Recerca\",\"isPartOf\":{\"@id\":\"https:\/\/fcri.cat\/en\/#website\"},\"datePublished\":\"2022-10-24T14:34:28+00:00\",\"dateModified\":\"2022-11-24T09:41:57+00:00\",\"breadcrumb\":{\"@id\":\"https:\/\/fcri.cat\/en\/agenda\/cafe-recerca-agrotechfood-industria-4-0-i-economia-circular\/#breadcrumb\"},\"inLanguage\":\"en-US\",\"potentialAction\":[{\"@type\":\"ReadAction\",\"target\":[\"https:\/\/fcri.cat\/en\/agenda\/cafe-recerca-agrotechfood-industria-4-0-i-economia-circular\/\"]}]},{\"@type\":\"BreadcrumbList\",\"@id\":\"https:\/\/fcri.cat\/en\/agenda\/cafe-recerca-agrotechfood-industria-4-0-i-economia-circular\/#breadcrumb\",\"itemListElement\":[{\"@type\":\"ListItem\",\"position\":1,\"name\":\"Inici\",\"item\":\"https:\/\/fcri.cat\/en\/\"},{\"@type\":\"ListItem\",\"position\":2,\"name\":\"Events\",\"item\":\"https:\/\/fcri.cat\/en\/agenda\/\"},{\"@type\":\"ListItem\",\"position\":3,\"name\":\"Caf\u00e8 Recerca &#8220;Agrotechfood: Ind\u00fastria 4.0 i economia circular&#8221;\"}]},{\"@type\":\"WebSite\",\"@id\":\"https:\/\/fcri.cat\/en\/#website\",\"url\":\"https:\/\/fcri.cat\/en\/\",\"name\":\"Fundacio Recerca\",\"description\":\"Fundaci\u00f3 Catalana per a la Recerca i la Innovaci\u00f3\",\"potentialAction\":[{\"@type\":\"SearchAction\",\"target\":{\"@type\":\"EntryPoint\",\"urlTemplate\":\"https:\/\/fcri.cat\/en\/?s={search_term_string}\"},\"query-input\":\"required name=search_term_string\"}],\"inLanguage\":\"en-US\"}]}<\/script>\n<!-- \/ Yoast SEO plugin. -->","yoast_head_json":{"title":"Caf\u00e8 Recerca \"Agrotechfood: Ind\u00fastria 4.0 i economia circular\" - Fundacio Recerca","robots":{"index":"index","follow":"follow","max-snippet":"max-snippet:-1","max-image-preview":"max-image-preview:large","max-video-preview":"max-video-preview:-1"},"canonical":"https:\/\/fcri.cat\/en\/agenda\/cafe-recerca-agrotechfood-industria-4-0-i-economia-circular\/","og_locale":"en_US","og_type":"article","og_title":"Caf\u00e8 Recerca \"Agrotechfood: Ind\u00fastria 4.0 i economia circular\" - Fundacio Recerca","og_description":"La Fundaci\u00f3 Catalana per a la Recerca i la Innovaci\u00f3 (FCRI) i la Fundaci\u00f3 IberCaja us conviden a assistir als propers Caf\u00e8s amb la Recerca, per con\u00e8ixer les principals tecnologies [&hellip;]","og_url":"https:\/\/fcri.cat\/en\/agenda\/cafe-recerca-agrotechfood-industria-4-0-i-economia-circular\/","og_site_name":"Fundacio Recerca","article_publisher":"https:\/\/www.facebook.com\/fundaciorecerca","article_modified_time":"2022-11-24T09:41:57+00:00","twitter_card":"summary_large_image","twitter_site":"@fundaciorecerca","twitter_misc":{"Est. reading time":"1 minute"},"schema":{"@context":"https:\/\/schema.org","@graph":[{"@type":"WebPage","@id":"https:\/\/fcri.cat\/en\/agenda\/cafe-recerca-agrotechfood-industria-4-0-i-economia-circular\/","url":"https:\/\/fcri.cat\/en\/agenda\/cafe-recerca-agrotechfood-industria-4-0-i-economia-circular\/","name":"Caf\u00e8 Recerca \"Agrotechfood: Ind\u00fastria 4.0 i economia circular\" - Fundacio Recerca","isPartOf":{"@id":"https:\/\/fcri.cat\/en\/#website"},"datePublished":"2022-10-24T14:34:28+00:00","dateModified":"2022-11-24T09:41:57+00:00","breadcrumb":{"@id":"https:\/\/fcri.cat\/en\/agenda\/cafe-recerca-agrotechfood-industria-4-0-i-economia-circular\/#breadcrumb"},"inLanguage":"en-US","potentialAction":[{"@type":"ReadAction","target":["https:\/\/fcri.cat\/en\/agenda\/cafe-recerca-agrotechfood-industria-4-0-i-economia-circular\/"]}]},{"@type":"BreadcrumbList","@id":"https:\/\/fcri.cat\/en\/agenda\/cafe-recerca-agrotechfood-industria-4-0-i-economia-circular\/#breadcrumb","itemListElement":[{"@type":"ListItem","position":1,"name":"Inici","item":"https:\/\/fcri.cat\/en\/"},{"@type":"ListItem","position":2,"name":"Events","item":"https:\/\/fcri.cat\/en\/agenda\/"},{"@type":"ListItem","position":3,"name":"Caf\u00e8 Recerca &#8220;Agrotechfood: Ind\u00fastria 4.0 i economia circular&#8221;"}]},{"@type":"WebSite","@id":"https:\/\/fcri.cat\/en\/#website","url":"https:\/\/fcri.cat\/en\/","name":"Fundacio Recerca","description":"Fundaci\u00f3 Catalana per a la Recerca i la Innovaci\u00f3","potentialAction":[{"@type":"SearchAction","target":{"@type":"EntryPoint","urlTemplate":"https:\/\/fcri.cat\/en\/?s={search_term_string}"},"query-input":"required name=search_term_string"}],"inLanguage":"en-US"}]}},"_links":{"self":[{"href":"https:\/\/fcri.cat\/en\/wp-json\/wp\/v2\/tribe_events\/12888"}],"collection":[{"href":"https:\/\/fcri.cat\/en\/wp-json\/wp\/v2\/tribe_events"}],"about":[{"href":"https:\/\/fcri.cat\/en\/wp-json\/wp\/v2\/types\/tribe_events"}],"author":[{"embeddable":true,"href":"https:\/\/fcri.cat\/en\/wp-json\/wp\/v2\/users\/3"}],"replies":[{"embeddable":true,"href":"https:\/\/fcri.cat\/en\/wp-json\/wp\/v2\/comments?post=12888"}],"version-history":[{"count":1,"href":"https:\/\/fcri.cat\/en\/wp-json\/wp\/v2\/tribe_events\/12888\/revisions"}],"predecessor-version":[{"id":12889,"href":"https:\/\/fcri.cat\/en\/wp-json\/wp\/v2\/tribe_events\/12888\/revisions\/12889"}],"wp:attachment":[{"href":"https:\/\/fcri.cat\/en\/wp-json\/wp\/v2\/media?parent=12888"}],"wp:term":[{"taxonomy":"post_tag","embeddable":true,"href":"https:\/\/fcri.cat\/en\/wp-json\/wp\/v2\/tags?post=12888"},{"taxonomy":"tribe_events_cat","embeddable":true,"href":"https:\/\/fcri.cat\/en\/wp-json\/wp\/v2\/tribe_events_cat?post=12888"}],"curies":[{"name":"wp","href":"https:\/\/api.w.org\/{rel}","templated":true}]}}

Cafè Recerca &#8220;Agrotechfood: Indústria 4.0 i economia circular&#8221;

<p>La Fundació Catalana per a la Recerca i la Innovació (FCRI) i la Fundació IberCaja us conviden a assistir als propers Cafès amb la Recerca, per conèixer les principals tecnologies i tendències de futur de la recerca en dos dels sectors del país amb més pes econòmic i promesa innovadora: la salut i l&#8217;agroalimentació. Com a entitats referents del sector, els Cafès amb la Recerca compten amb la col·laboració de Bioinformatics Barcelona (BIB) i del Departament d&#8217;Acció Climàtica, Alimentació i Agenda Rural (DACC).</p>
<p>Enguany recuperem la presencialitat dels Cafès amb la Recerca. Les trobades tindran una durada màxima de 90 minuts (de 9.30 a 11.00) i inclouran un refrigeri de networking servit immediatament després.El primer cafè tindrà lloc el 23 de novembre i tractarà el tema &#8220;Agrotechfood: Indústria 4.0 i economia circular&#8221;.</p>
<p><a href="https://fcri.cat/cafes-de-la-recerca-2022/" title="Més informació i inscripcions"><strong>Més informació i inscripcions aquí.</strong></a></p>

<p>La Fundació Catalana per a la Recerca i la Innovació (FCRI) i la Fundació IberCaja us conviden a assistir als propers Cafès amb la Recerca, per conèixer les principals tecnologies [&hellip;]</p>

<!-- This site is optimized with the Yoast SEO plugin v22.9 - https://yoast.com/wordpress/plugins/seo/ -->
<title>Cafè Recerca &quot;Agrotechfood: Indústria 4.0 i economia circular&quot; - Fundacio Recerca</title>
<meta name="robots" content="index, follow, max-snippet:-1, max-image-preview:large, max-video-preview:-1" />
<link rel="canonical" href="https://fcri.cat/en/agenda/cafe-recerca-agrotechfood-industria-4-0-i-economia-circular/" />
<meta property="og:locale" content="en_US" />
<meta property="og:type" content="article" />
<meta property="og:title" content="Cafè Recerca &quot;Agrotechfood: Indústria 4.0 i economia circular&quot; - Fundacio Recerca" />
<meta property="og:description" content="La Fundació Catalana per a la Recerca i la Innovació (FCRI) i la Fundació IberCaja us conviden a assistir als propers Cafès amb la Recerca, per conèixer les principals tecnologies [&hellip;]" />
<meta property="og:url" content="https://fcri.cat/en/agenda/cafe-recerca-agrotechfood-industria-4-0-i-economia-circular/" />
<meta property="og:site_name" content="Fundacio Recerca" />
<meta property="article:publisher" content="https://www.facebook.com/fundaciorecerca" />
<meta property="article:modified_time" content="2022-11-24T09:41:57+00:00" />
<meta name="twitter:card" content="summary_large_image" />
<meta name="twitter:site" content="@fundaciorecerca" />
<meta name="twitter:label1" content="Est. reading time" />
	<meta name="twitter:data1" content="1 minute" />
<script type="application/ld+json" class="yoast-schema-graph">{"@context":"https://schema.org","@graph":[{"@type":"WebPage","@id":"https://fcri.cat/en/agenda/cafe-recerca-agrotechfood-industria-4-0-i-economia-circular/","url":"https://fcri.cat/en/agenda/cafe-recerca-agrotechfood-industria-4-0-i-economia-circular/","name":"Cafè Recerca \"Agrotechfood: Indústria 4.0 i economia circular\" - Fundacio Recerca","isPartOf":{"@id":"https://fcri.cat/en/#website"},"datePublished":"2022-10-24T14:34:28+00:00","dateModified":"2022-11-24T09:41:57+00:00","breadcrumb":{"@id":"https://fcri.cat/en/agenda/cafe-recerca-agrotechfood-industria-4-0-i-economia-circular/#breadcrumb"},"inLanguage":"en-US","potentialAction":[{"@type":"ReadAction","target":["https://fcri.cat/en/agenda/cafe-recerca-agrotechfood-industria-4-0-i-economia-circular/"]}]},{"@type":"BreadcrumbList","@id":"https://fcri.cat/en/agenda/cafe-recerca-agrotechfood-industria-4-0-i-economia-circular/#breadcrumb","itemListElement":[{"@type":"ListItem","position":1,"name":"Inici","item":"https://fcri.cat/en/"},{"@type":"ListItem","position":2,"name":"Events","item":"https://fcri.cat/en/agenda/"},{"@type":"ListItem","position":3,"name":"Cafè Recerca &#8220;Agrotechfood: Indústria 4.0 i economia circular&#8221;"}]},{"@type":"WebSite","@id":"https://fcri.cat/en/#website","url":"https://fcri.cat/en/","name":"Fundacio Recerca","description":"Fundació Catalana per a la Recerca i la Innovació","potentialAction":[{"@type":"SearchAction","target":{"@type":"EntryPoint","urlTemplate":"https://fcri.cat/en/?s={search_term_string}"},"query-input":"required name=search_term_string"}],"inLanguage":"en-US"}]}</script>
<!-- / Yoast SEO plugin. -->

Cafè Recerca "Agrotechfood: Indústria 4.0 i economia circular" - Fundacio Recerca

La Fundació Catalana per a la Recerca i la Innovació (FCRI) i la Fundació IberCaja us conviden a assistir als propers Cafès amb la Recerca, per conèixer les principals tecnologies [&hellip;]

Fundació Catalana per a la Recerca i la Innovació
