{"id":13320,"date":"2023-01-30T17:15:52","date_gmt":"2023-01-30T16:15:52","guid":{"rendered":"https:\/\/fundaciorecerca.cat\/?post_type=tribe_events&#038;p=13320"},"modified":"2023-02-15T20:16:01","modified_gmt":"2023-02-15T19:16:01","slug":"acte-de-presentacio-de-la-plataforma-stemarium","status":"publish","type":"tribe_events","link":"https:\/\/fcri.cat\/en\/agenda\/acte-de-presentacio-de-la-plataforma-stemarium\/","title":{"rendered":"Acte de presentaci\u00f3 de la plataforma STEMarium"},"content":{"rendered":"<p>L\u2019acte de presentaci\u00f3\u00a0de la plataforma STEMarium\u00a0tindr\u00e0 lloc el\u00a0dimecres 15 de febrer, a les\u00a0sis de la tarda, al\u00a0CaixaForum Barcelona\u00a0(Av. Francesc Ferrer i Gu\u00e0rdia, 6-8, Barcelona).\u00a0En el decurs de l\u2019acte es donar\u00e0 a con\u00e8ixer la plataforma amb la participaci\u00f3 d\u2019una\u00a0taula d\u2019experts\u00a0i una roda de\u00a0presentacions de recursos\u00a0que permetran reflexionar sobre l\u2019educaci\u00f3 STEM.<\/p>\n<p>\u00a0<\/p>\n<p>\u00c9s imprescindible confirmar assist\u00e8ncia a l\u2019acte mitjan\u00e7ant aquest <a href=\"https:\/\/docs.google.com\/forms\/d\/e\/1FAIpQLSdFVoQp1HaOFHjRkWoFVKwRRYTBuBFRkg_wROxnBXbFsFvO0Q\/viewform\"><strong>formulari d\u2019inscripci\u00f3<\/strong><\/a>.<\/p>\n<p>Consulta el programa: <a href=\"https:\/\/fcri.cat\/wp-content\/uploads\/2023\/02\/PROG_Stemarium_15FEB.pdf\"> https:\/\/fcri.cat\/wp-content\/uploads\/2023\/02\/PROG_Stemarium_15FEB.pdf<\/a><\/p>\n","protected":false},"excerpt":{"rendered":"<p>L\u2019acte de presentaci\u00f3\u00a0de la plataforma STEMarium\u00a0tindr\u00e0 lloc el\u00a0dimecres 15 de febrer, a les\u00a0sis de la tarda, al\u00a0CaixaForum Barcelona\u00a0(Av. Francesc Ferrer i Gu\u00e0rdia, 6-8, Barcelona).\u00a0En el decurs de l\u2019acte es donar\u00e0 [&hellip;]<\/p>\n","protected":false},"author":3,"featured_media":0,"comment_status":"open","ping_status":"closed","template":"","meta":{"_et_pb_use_builder":"","_et_pb_old_content":"","_et_gb_content_width":"","_tribe_events_status":"","_tribe_events_status_reason":"","footnotes":""},"tags":[],"tribe_events_cat":[],"class_list":["post-13320","tribe_events","type-tribe_events","status-publish","hentry"],"yoast_head":"<!-- This site is optimized with the Yoast SEO plugin v22.9 - https:\/\/yoast.com\/wordpress\/plugins\/seo\/ -->\n<title>Acte de presentaci\u00f3 de la plataforma STEMarium - Fundacio Recerca<\/title>\n<meta name=\"robots\" content=\"index, follow, max-snippet:-1, max-image-preview:large, max-video-preview:-1\" \/>\n<link rel=\"canonical\" href=\"https:\/\/fcri.cat\/en\/agenda\/acte-de-presentacio-de-la-plataforma-stemarium\/\" \/>\n<meta property=\"og:locale\" content=\"en_US\" \/>\n<meta property=\"og:type\" content=\"article\" \/>\n<meta property=\"og:title\" content=\"Acte de presentaci\u00f3 de la plataforma STEMarium - Fundacio Recerca\" \/>\n<meta property=\"og:description\" content=\"L\u2019acte de presentaci\u00f3\u00a0de la plataforma STEMarium\u00a0tindr\u00e0 lloc el\u00a0dimecres 15 de febrer, a les\u00a0sis de la tarda, al\u00a0CaixaForum Barcelona\u00a0(Av. Francesc Ferrer i Gu\u00e0rdia, 6-8, Barcelona).\u00a0En el decurs de l\u2019acte es donar\u00e0 [&hellip;]\" \/>\n<meta property=\"og:url\" content=\"https:\/\/fcri.cat\/en\/agenda\/acte-de-presentacio-de-la-plataforma-stemarium\/\" \/>\n<meta property=\"og:site_name\" content=\"Fundacio Recerca\" \/>\n<meta property=\"article:publisher\" content=\"https:\/\/www.facebook.com\/fundaciorecerca\" \/>\n<meta property=\"article:modified_time\" content=\"2023-02-15T19:16:01+00:00\" \/>\n<meta name=\"twitter:card\" content=\"summary_large_image\" \/>\n<meta name=\"twitter:site\" content=\"@fundaciorecerca\" \/>\n<meta name=\"twitter:label1\" content=\"Est. reading time\" \/>\n\t<meta name=\"twitter:data1\" content=\"1 minute\" \/>\n<script type=\"application\/ld+json\" class=\"yoast-schema-graph\">{\"@context\":\"https:\/\/schema.org\",\"@graph\":[{\"@type\":\"WebPage\",\"@id\":\"https:\/\/fcri.cat\/en\/agenda\/acte-de-presentacio-de-la-plataforma-stemarium\/\",\"url\":\"https:\/\/fcri.cat\/en\/agenda\/acte-de-presentacio-de-la-plataforma-stemarium\/\",\"name\":\"Acte de presentaci\u00f3 de la plataforma STEMarium - Fundacio Recerca\",\"isPartOf\":{\"@id\":\"https:\/\/fcri.cat\/en\/#website\"},\"datePublished\":\"2023-01-30T16:15:52+00:00\",\"dateModified\":\"2023-02-15T19:16:01+00:00\",\"breadcrumb\":{\"@id\":\"https:\/\/fcri.cat\/en\/agenda\/acte-de-presentacio-de-la-plataforma-stemarium\/#breadcrumb\"},\"inLanguage\":\"en-US\",\"potentialAction\":[{\"@type\":\"ReadAction\",\"target\":[\"https:\/\/fcri.cat\/en\/agenda\/acte-de-presentacio-de-la-plataforma-stemarium\/\"]}]},{\"@type\":\"BreadcrumbList\",\"@id\":\"https:\/\/fcri.cat\/en\/agenda\/acte-de-presentacio-de-la-plataforma-stemarium\/#breadcrumb\",\"itemListElement\":[{\"@type\":\"ListItem\",\"position\":1,\"name\":\"Inici\",\"item\":\"https:\/\/fcri.cat\/en\/\"},{\"@type\":\"ListItem\",\"position\":2,\"name\":\"Events\",\"item\":\"https:\/\/fcri.cat\/en\/agenda\/\"},{\"@type\":\"ListItem\",\"position\":3,\"name\":\"Acte de presentaci\u00f3 de la plataforma STEMarium\"}]},{\"@type\":\"WebSite\",\"@id\":\"https:\/\/fcri.cat\/en\/#website\",\"url\":\"https:\/\/fcri.cat\/en\/\",\"name\":\"Fundacio Recerca\",\"description\":\"Fundaci\u00f3 Catalana per a la Recerca i la Innovaci\u00f3\",\"potentialAction\":[{\"@type\":\"SearchAction\",\"target\":{\"@type\":\"EntryPoint\",\"urlTemplate\":\"https:\/\/fcri.cat\/en\/?s={search_term_string}\"},\"query-input\":\"required name=search_term_string\"}],\"inLanguage\":\"en-US\"}]}<\/script>\n<!-- \/ Yoast SEO plugin. -->","yoast_head_json":{"title":"Acte de presentaci\u00f3 de la plataforma STEMarium - Fundacio Recerca","robots":{"index":"index","follow":"follow","max-snippet":"max-snippet:-1","max-image-preview":"max-image-preview:large","max-video-preview":"max-video-preview:-1"},"canonical":"https:\/\/fcri.cat\/en\/agenda\/acte-de-presentacio-de-la-plataforma-stemarium\/","og_locale":"en_US","og_type":"article","og_title":"Acte de presentaci\u00f3 de la plataforma STEMarium - Fundacio Recerca","og_description":"L\u2019acte de presentaci\u00f3\u00a0de la plataforma STEMarium\u00a0tindr\u00e0 lloc el\u00a0dimecres 15 de febrer, a les\u00a0sis de la tarda, al\u00a0CaixaForum Barcelona\u00a0(Av. Francesc Ferrer i Gu\u00e0rdia, 6-8, Barcelona).\u00a0En el decurs de l\u2019acte es donar\u00e0 [&hellip;]","og_url":"https:\/\/fcri.cat\/en\/agenda\/acte-de-presentacio-de-la-plataforma-stemarium\/","og_site_name":"Fundacio Recerca","article_publisher":"https:\/\/www.facebook.com\/fundaciorecerca","article_modified_time":"2023-02-15T19:16:01+00:00","twitter_card":"summary_large_image","twitter_site":"@fundaciorecerca","twitter_misc":{"Est. reading time":"1 minute"},"schema":{"@context":"https:\/\/schema.org","@graph":[{"@type":"WebPage","@id":"https:\/\/fcri.cat\/en\/agenda\/acte-de-presentacio-de-la-plataforma-stemarium\/","url":"https:\/\/fcri.cat\/en\/agenda\/acte-de-presentacio-de-la-plataforma-stemarium\/","name":"Acte de presentaci\u00f3 de la plataforma STEMarium - Fundacio Recerca","isPartOf":{"@id":"https:\/\/fcri.cat\/en\/#website"},"datePublished":"2023-01-30T16:15:52+00:00","dateModified":"2023-02-15T19:16:01+00:00","breadcrumb":{"@id":"https:\/\/fcri.cat\/en\/agenda\/acte-de-presentacio-de-la-plataforma-stemarium\/#breadcrumb"},"inLanguage":"en-US","potentialAction":[{"@type":"ReadAction","target":["https:\/\/fcri.cat\/en\/agenda\/acte-de-presentacio-de-la-plataforma-stemarium\/"]}]},{"@type":"BreadcrumbList","@id":"https:\/\/fcri.cat\/en\/agenda\/acte-de-presentacio-de-la-plataforma-stemarium\/#breadcrumb","itemListElement":[{"@type":"ListItem","position":1,"name":"Inici","item":"https:\/\/fcri.cat\/en\/"},{"@type":"ListItem","position":2,"name":"Events","item":"https:\/\/fcri.cat\/en\/agenda\/"},{"@type":"ListItem","position":3,"name":"Acte de presentaci\u00f3 de la plataforma STEMarium"}]},{"@type":"WebSite","@id":"https:\/\/fcri.cat\/en\/#website","url":"https:\/\/fcri.cat\/en\/","name":"Fundacio Recerca","description":"Fundaci\u00f3 Catalana per a la Recerca i la Innovaci\u00f3","potentialAction":[{"@type":"SearchAction","target":{"@type":"EntryPoint","urlTemplate":"https:\/\/fcri.cat\/en\/?s={search_term_string}"},"query-input":"required name=search_term_string"}],"inLanguage":"en-US"}]}},"_links":{"self":[{"href":"https:\/\/fcri.cat\/en\/wp-json\/wp\/v2\/tribe_events\/13320"}],"collection":[{"href":"https:\/\/fcri.cat\/en\/wp-json\/wp\/v2\/tribe_events"}],"about":[{"href":"https:\/\/fcri.cat\/en\/wp-json\/wp\/v2\/types\/tribe_events"}],"author":[{"embeddable":true,"href":"https:\/\/fcri.cat\/en\/wp-json\/wp\/v2\/users\/3"}],"replies":[{"embeddable":true,"href":"https:\/\/fcri.cat\/en\/wp-json\/wp\/v2\/comments?post=13320"}],"version-history":[{"count":4,"href":"https:\/\/fcri.cat\/en\/wp-json\/wp\/v2\/tribe_events\/13320\/revisions"}],"predecessor-version":[{"id":13435,"href":"https:\/\/fcri.cat\/en\/wp-json\/wp\/v2\/tribe_events\/13320\/revisions\/13435"}],"wp:attachment":[{"href":"https:\/\/fcri.cat\/en\/wp-json\/wp\/v2\/media?parent=13320"}],"wp:term":[{"taxonomy":"post_tag","embeddable":true,"href":"https:\/\/fcri.cat\/en\/wp-json\/wp\/v2\/tags?post=13320"},{"taxonomy":"tribe_events_cat","embeddable":true,"href":"https:\/\/fcri.cat\/en\/wp-json\/wp\/v2\/tribe_events_cat?post=13320"}],"curies":[{"name":"wp","href":"https:\/\/api.w.org\/{rel}","templated":true}]}}

Acte de presentació de la plataforma STEMarium

<p>L’acte de presentació de la plataforma STEMarium tindrà lloc el dimecres 15 de febrer, a les sis de la tarda, al CaixaForum Barcelona (Av. Francesc Ferrer i Guàrdia, 6-8, Barcelona). En el decurs de l’acte es donarà a conèixer la plataforma amb la participació d’una taula d’experts i una roda de presentacions de recursos que permetran reflexionar sobre l’educació STEM.</p>
<p> </p>
<p>És imprescindible confirmar assistència a l’acte mitjançant aquest <a href="https://docs.google.com/forms/d/e/1FAIpQLSdFVoQp1HaOFHjRkWoFVKwRRYTBuBFRkg_wROxnBXbFsFvO0Q/viewform"><strong>formulari d’inscripció</strong></a>.</p>
<p>Consulta el programa: <a href="https://fcri.cat/wp-content/uploads/2023/02/PROG_Stemarium_15FEB.pdf"> https://fcri.cat/wp-content/uploads/2023/02/PROG_Stemarium_15FEB.pdf</a></p>

<p>L’acte de presentació de la plataforma STEMarium tindrà lloc el dimecres 15 de febrer, a les sis de la tarda, al CaixaForum Barcelona (Av. Francesc Ferrer i Guàrdia, 6-8, Barcelona). En el decurs de l’acte es donarà [&hellip;]</p>

<!-- This site is optimized with the Yoast SEO plugin v22.9 - https://yoast.com/wordpress/plugins/seo/ -->
<title>Acte de presentació de la plataforma STEMarium - Fundacio Recerca</title>
<meta name="robots" content="index, follow, max-snippet:-1, max-image-preview:large, max-video-preview:-1" />
<link rel="canonical" href="https://fcri.cat/en/agenda/acte-de-presentacio-de-la-plataforma-stemarium/" />
<meta property="og:locale" content="en_US" />
<meta property="og:type" content="article" />
<meta property="og:title" content="Acte de presentació de la plataforma STEMarium - Fundacio Recerca" />
<meta property="og:description" content="L’acte de presentació de la plataforma STEMarium tindrà lloc el dimecres 15 de febrer, a les sis de la tarda, al CaixaForum Barcelona (Av. Francesc Ferrer i Guàrdia, 6-8, Barcelona). En el decurs de l’acte es donarà [&hellip;]" />
<meta property="og:url" content="https://fcri.cat/en/agenda/acte-de-presentacio-de-la-plataforma-stemarium/" />
<meta property="og:site_name" content="Fundacio Recerca" />
<meta property="article:publisher" content="https://www.facebook.com/fundaciorecerca" />
<meta property="article:modified_time" content="2023-02-15T19:16:01+00:00" />
<meta name="twitter:card" content="summary_large_image" />
<meta name="twitter:site" content="@fundaciorecerca" />
<meta name="twitter:label1" content="Est. reading time" />
	<meta name="twitter:data1" content="1 minute" />
<script type="application/ld+json" class="yoast-schema-graph">{"@context":"https://schema.org","@graph":[{"@type":"WebPage","@id":"https://fcri.cat/en/agenda/acte-de-presentacio-de-la-plataforma-stemarium/","url":"https://fcri.cat/en/agenda/acte-de-presentacio-de-la-plataforma-stemarium/","name":"Acte de presentació de la plataforma STEMarium - Fundacio Recerca","isPartOf":{"@id":"https://fcri.cat/en/#website"},"datePublished":"2023-01-30T16:15:52+00:00","dateModified":"2023-02-15T19:16:01+00:00","breadcrumb":{"@id":"https://fcri.cat/en/agenda/acte-de-presentacio-de-la-plataforma-stemarium/#breadcrumb"},"inLanguage":"en-US","potentialAction":[{"@type":"ReadAction","target":["https://fcri.cat/en/agenda/acte-de-presentacio-de-la-plataforma-stemarium/"]}]},{"@type":"BreadcrumbList","@id":"https://fcri.cat/en/agenda/acte-de-presentacio-de-la-plataforma-stemarium/#breadcrumb","itemListElement":[{"@type":"ListItem","position":1,"name":"Inici","item":"https://fcri.cat/en/"},{"@type":"ListItem","position":2,"name":"Events","item":"https://fcri.cat/en/agenda/"},{"@type":"ListItem","position":3,"name":"Acte de presentació de la plataforma STEMarium"}]},{"@type":"WebSite","@id":"https://fcri.cat/en/#website","url":"https://fcri.cat/en/","name":"Fundacio Recerca","description":"Fundació Catalana per a la Recerca i la Innovació","potentialAction":[{"@type":"SearchAction","target":{"@type":"EntryPoint","urlTemplate":"https://fcri.cat/en/?s={search_term_string}"},"query-input":"required name=search_term_string"}],"inLanguage":"en-US"}]}</script>
<!-- / Yoast SEO plugin. -->

Acte de presentació de la plataforma STEMarium - Fundacio Recerca

L’acte de presentació de la plataforma STEMarium tindrà lloc el dimecres 15 de febrer, a les sis de la tarda, al CaixaForum Barcelona (Av. Francesc Ferrer i Guàrdia, 6-8, Barcelona). En el decurs de l’acte es donarà [&hellip;]

Fundació Catalana per a la Recerca i la Innovació
