{"id":20197,"date":"2024-07-16T13:26:05","date_gmt":"2024-07-16T12:26:05","guid":{"rendered":"https:\/\/fundaciorecerca.cat\/?post_type=tribe_events&#038;p=20197"},"modified":"2025-12-06T18:59:56","modified_gmt":"2025-12-06T17:59:56","slug":"oberta-inscripcio-6a-edicio-concurs-els-monolegs-del-club-de-la-ciencia","status":"publish","type":"tribe_events","link":"https:\/\/fcri.cat\/en\/agenda\/oberta-inscripcio-6a-edicio-concurs-els-monolegs-del-club-de-la-ciencia\/","title":{"rendered":"Final 7a edici\u00f3 concurs \u201cEls mon\u00f2legs del Club de la Ci\u00e8ncia&#8221;"},"content":{"rendered":"<p>El proper dia 21 de novembre se celebra a Alacant la final de la 7a edici\u00f3 del concurs \u201cEls mon\u00f2legs del Club de la Ci\u00e8ncia\u201d, organitzada per la Fundaci\u00f3 Catalana per a la Recerca i la innovaci\u00f3 (FCRI) i inclosa al programa de la 30a Setmana de la Ci\u00e8ncia (SC\u201925). <\/p>\n<p>L\u2019objectiu del concurs \u00e9s promoure la comunicaci\u00f3 de la ci\u00e8ncia d\u2019una manera sint\u00e8tica, amena i entenedora i utilitzant \u00fanicament les habilitats comunicatives personals, sense el suport d\u2019eines per a presentacions. Pot participar-hi qualsevol persona, major d\u2019edat, que estudi\u00ef o exerceixi professionalment a \u00e0rees relacionades la ci\u00e8ncia i\/o tecnologia, inclosa la doc\u00e8ncia preuniversit\u00e0ria especialitzada en ci\u00e8ncies.<\/p>\n<p>M\u00e9s informaci\u00f3 <a href=\"http:\/\/www.setmanaciencia.cat\/\">aqu\u00ed<\/a>.<\/p>\n","protected":false},"excerpt":{"rendered":"<p>El proper dia 21 de novembre se celebra a Alacant la final de la 7a edici\u00f3 del concurs \u201cEls mon\u00f2legs del Club de la Ci\u00e8ncia\u201d, organitzada per la Fundaci\u00f3 Catalana [&hellip;]<\/p>\n","protected":false},"author":7,"featured_media":0,"comment_status":"open","ping_status":"closed","template":"","meta":{"_et_pb_use_builder":"","_et_pb_old_content":"","_et_gb_content_width":"","_tribe_events_status":"","_tribe_events_status_reason":"","footnotes":""},"tags":[],"tribe_events_cat":[93,99],"class_list":["post-20197","tribe_events","type-tribe_events","status-publish","hentry","tribe_events_cat-agenda","tribe_events_cat-la-fundacio","cat_agenda","cat_la-fundacio"],"yoast_head":"<!-- This site is optimized with the Yoast SEO plugin v22.9 - https:\/\/yoast.com\/wordpress\/plugins\/seo\/ -->\n<title>Final 7a edici\u00f3 concurs \u201cEls mon\u00f2legs del Club de la Ci\u00e8ncia&quot; - Fundacio Recerca<\/title>\n<meta name=\"robots\" content=\"index, follow, max-snippet:-1, max-image-preview:large, max-video-preview:-1\" \/>\n<link rel=\"canonical\" href=\"https:\/\/fcri.cat\/en\/agenda\/oberta-inscripcio-6a-edicio-concurs-els-monolegs-del-club-de-la-ciencia\/\" \/>\n<meta property=\"og:locale\" content=\"en_US\" \/>\n<meta property=\"og:type\" content=\"article\" \/>\n<meta property=\"og:title\" content=\"Final 7a edici\u00f3 concurs \u201cEls mon\u00f2legs del Club de la Ci\u00e8ncia&quot; - Fundacio Recerca\" \/>\n<meta property=\"og:description\" content=\"El proper dia 21 de novembre se celebra a Alacant la final de la 7a edici\u00f3 del concurs \u201cEls mon\u00f2legs del Club de la Ci\u00e8ncia\u201d, organitzada per la Fundaci\u00f3 Catalana [&hellip;]\" \/>\n<meta property=\"og:url\" content=\"https:\/\/fcri.cat\/en\/agenda\/oberta-inscripcio-6a-edicio-concurs-els-monolegs-del-club-de-la-ciencia\/\" \/>\n<meta property=\"og:site_name\" content=\"Fundacio Recerca\" \/>\n<meta property=\"article:publisher\" content=\"https:\/\/www.facebook.com\/fundaciorecerca\" \/>\n<meta property=\"article:modified_time\" content=\"2025-12-06T17:59:56+00:00\" \/>\n<meta name=\"twitter:card\" content=\"summary_large_image\" \/>\n<meta name=\"twitter:site\" content=\"@fundaciorecerca\" \/>\n<meta name=\"twitter:label1\" content=\"Est. reading time\" \/>\n\t<meta name=\"twitter:data1\" content=\"1 minute\" \/>\n<script type=\"application\/ld+json\" class=\"yoast-schema-graph\">{\"@context\":\"https:\/\/schema.org\",\"@graph\":[{\"@type\":\"WebPage\",\"@id\":\"https:\/\/fcri.cat\/en\/agenda\/oberta-inscripcio-6a-edicio-concurs-els-monolegs-del-club-de-la-ciencia\/\",\"url\":\"https:\/\/fcri.cat\/en\/agenda\/oberta-inscripcio-6a-edicio-concurs-els-monolegs-del-club-de-la-ciencia\/\",\"name\":\"Final 7a edici\u00f3 concurs \u201cEls mon\u00f2legs del Club de la Ci\u00e8ncia\\\" - Fundacio Recerca\",\"isPartOf\":{\"@id\":\"https:\/\/fcri.cat\/en\/#website\"},\"datePublished\":\"2024-07-16T12:26:05+00:00\",\"dateModified\":\"2025-12-06T17:59:56+00:00\",\"breadcrumb\":{\"@id\":\"https:\/\/fcri.cat\/en\/agenda\/oberta-inscripcio-6a-edicio-concurs-els-monolegs-del-club-de-la-ciencia\/#breadcrumb\"},\"inLanguage\":\"en-US\",\"potentialAction\":[{\"@type\":\"ReadAction\",\"target\":[\"https:\/\/fcri.cat\/en\/agenda\/oberta-inscripcio-6a-edicio-concurs-els-monolegs-del-club-de-la-ciencia\/\"]}]},{\"@type\":\"BreadcrumbList\",\"@id\":\"https:\/\/fcri.cat\/en\/agenda\/oberta-inscripcio-6a-edicio-concurs-els-monolegs-del-club-de-la-ciencia\/#breadcrumb\",\"itemListElement\":[{\"@type\":\"ListItem\",\"position\":1,\"name\":\"Inici\",\"item\":\"https:\/\/fcri.cat\/en\/\"},{\"@type\":\"ListItem\",\"position\":2,\"name\":\"Events\",\"item\":\"https:\/\/fcri.cat\/en\/agenda\/\"},{\"@type\":\"ListItem\",\"position\":3,\"name\":\"Final 7a edici\u00f3 concurs \u201cEls mon\u00f2legs del Club de la Ci\u00e8ncia&#8221;\"}]},{\"@type\":\"WebSite\",\"@id\":\"https:\/\/fcri.cat\/en\/#website\",\"url\":\"https:\/\/fcri.cat\/en\/\",\"name\":\"Fundacio Recerca\",\"description\":\"Fundaci\u00f3 Catalana per a la Recerca i la Innovaci\u00f3\",\"potentialAction\":[{\"@type\":\"SearchAction\",\"target\":{\"@type\":\"EntryPoint\",\"urlTemplate\":\"https:\/\/fcri.cat\/en\/?s={search_term_string}\"},\"query-input\":\"required name=search_term_string\"}],\"inLanguage\":\"en-US\"}]}<\/script>\n<!-- \/ Yoast SEO plugin. -->","yoast_head_json":{"title":"Final 7a edici\u00f3 concurs \u201cEls mon\u00f2legs del Club de la Ci\u00e8ncia\" - Fundacio Recerca","robots":{"index":"index","follow":"follow","max-snippet":"max-snippet:-1","max-image-preview":"max-image-preview:large","max-video-preview":"max-video-preview:-1"},"canonical":"https:\/\/fcri.cat\/en\/agenda\/oberta-inscripcio-6a-edicio-concurs-els-monolegs-del-club-de-la-ciencia\/","og_locale":"en_US","og_type":"article","og_title":"Final 7a edici\u00f3 concurs \u201cEls mon\u00f2legs del Club de la Ci\u00e8ncia\" - Fundacio Recerca","og_description":"El proper dia 21 de novembre se celebra a Alacant la final de la 7a edici\u00f3 del concurs \u201cEls mon\u00f2legs del Club de la Ci\u00e8ncia\u201d, organitzada per la Fundaci\u00f3 Catalana [&hellip;]","og_url":"https:\/\/fcri.cat\/en\/agenda\/oberta-inscripcio-6a-edicio-concurs-els-monolegs-del-club-de-la-ciencia\/","og_site_name":"Fundacio Recerca","article_publisher":"https:\/\/www.facebook.com\/fundaciorecerca","article_modified_time":"2025-12-06T17:59:56+00:00","twitter_card":"summary_large_image","twitter_site":"@fundaciorecerca","twitter_misc":{"Est. reading time":"1 minute"},"schema":{"@context":"https:\/\/schema.org","@graph":[{"@type":"WebPage","@id":"https:\/\/fcri.cat\/en\/agenda\/oberta-inscripcio-6a-edicio-concurs-els-monolegs-del-club-de-la-ciencia\/","url":"https:\/\/fcri.cat\/en\/agenda\/oberta-inscripcio-6a-edicio-concurs-els-monolegs-del-club-de-la-ciencia\/","name":"Final 7a edici\u00f3 concurs \u201cEls mon\u00f2legs del Club de la Ci\u00e8ncia\" - Fundacio Recerca","isPartOf":{"@id":"https:\/\/fcri.cat\/en\/#website"},"datePublished":"2024-07-16T12:26:05+00:00","dateModified":"2025-12-06T17:59:56+00:00","breadcrumb":{"@id":"https:\/\/fcri.cat\/en\/agenda\/oberta-inscripcio-6a-edicio-concurs-els-monolegs-del-club-de-la-ciencia\/#breadcrumb"},"inLanguage":"en-US","potentialAction":[{"@type":"ReadAction","target":["https:\/\/fcri.cat\/en\/agenda\/oberta-inscripcio-6a-edicio-concurs-els-monolegs-del-club-de-la-ciencia\/"]}]},{"@type":"BreadcrumbList","@id":"https:\/\/fcri.cat\/en\/agenda\/oberta-inscripcio-6a-edicio-concurs-els-monolegs-del-club-de-la-ciencia\/#breadcrumb","itemListElement":[{"@type":"ListItem","position":1,"name":"Inici","item":"https:\/\/fcri.cat\/en\/"},{"@type":"ListItem","position":2,"name":"Events","item":"https:\/\/fcri.cat\/en\/agenda\/"},{"@type":"ListItem","position":3,"name":"Final 7a edici\u00f3 concurs \u201cEls mon\u00f2legs del Club de la Ci\u00e8ncia&#8221;"}]},{"@type":"WebSite","@id":"https:\/\/fcri.cat\/en\/#website","url":"https:\/\/fcri.cat\/en\/","name":"Fundacio Recerca","description":"Fundaci\u00f3 Catalana per a la Recerca i la Innovaci\u00f3","potentialAction":[{"@type":"SearchAction","target":{"@type":"EntryPoint","urlTemplate":"https:\/\/fcri.cat\/en\/?s={search_term_string}"},"query-input":"required name=search_term_string"}],"inLanguage":"en-US"}]}},"_links":{"self":[{"href":"https:\/\/fcri.cat\/en\/wp-json\/wp\/v2\/tribe_events\/20197"}],"collection":[{"href":"https:\/\/fcri.cat\/en\/wp-json\/wp\/v2\/tribe_events"}],"about":[{"href":"https:\/\/fcri.cat\/en\/wp-json\/wp\/v2\/types\/tribe_events"}],"author":[{"embeddable":true,"href":"https:\/\/fcri.cat\/en\/wp-json\/wp\/v2\/users\/7"}],"replies":[{"embeddable":true,"href":"https:\/\/fcri.cat\/en\/wp-json\/wp\/v2\/comments?post=20197"}],"version-history":[{"count":7,"href":"https:\/\/fcri.cat\/en\/wp-json\/wp\/v2\/tribe_events\/20197\/revisions"}],"predecessor-version":[{"id":23959,"href":"https:\/\/fcri.cat\/en\/wp-json\/wp\/v2\/tribe_events\/20197\/revisions\/23959"}],"wp:attachment":[{"href":"https:\/\/fcri.cat\/en\/wp-json\/wp\/v2\/media?parent=20197"}],"wp:term":[{"taxonomy":"post_tag","embeddable":true,"href":"https:\/\/fcri.cat\/en\/wp-json\/wp\/v2\/tags?post=20197"},{"taxonomy":"tribe_events_cat","embeddable":true,"href":"https:\/\/fcri.cat\/en\/wp-json\/wp\/v2\/tribe_events_cat?post=20197"}],"curies":[{"name":"wp","href":"https:\/\/api.w.org\/{rel}","templated":true}]}}

Final 7a edició concurs “Els monòlegs del Club de la Ciència&#8221;

<p>El proper dia 21 de novembre se celebra a Alacant la final de la 7a edició del concurs “Els monòlegs del Club de la Ciència”, organitzada per la Fundació Catalana per a la Recerca i la innovació (FCRI) i inclosa al programa de la 30a Setmana de la Ciència (SC’25). </p>
<p>L’objectiu del concurs és promoure la comunicació de la ciència d’una manera sintètica, amena i entenedora i utilitzant únicament les habilitats comunicatives personals, sense el suport d’eines per a presentacions. Pot participar-hi qualsevol persona, major d’edat, que estudiï o exerceixi professionalment a àrees relacionades la ciència i/o tecnologia, inclosa la docència preuniversitària especialitzada en ciències.</p>
<p>Més informació <a href="http://www.setmanaciencia.cat/">aquí</a>.</p>

<p>El proper dia 21 de novembre se celebra a Alacant la final de la 7a edició del concurs “Els monòlegs del Club de la Ciència”, organitzada per la Fundació Catalana [&hellip;]</p>

<!-- This site is optimized with the Yoast SEO plugin v22.9 - https://yoast.com/wordpress/plugins/seo/ -->
<title>Final 7a edició concurs “Els monòlegs del Club de la Ciència&quot; - Fundacio Recerca</title>
<meta name="robots" content="index, follow, max-snippet:-1, max-image-preview:large, max-video-preview:-1" />
<link rel="canonical" href="https://fcri.cat/en/agenda/oberta-inscripcio-6a-edicio-concurs-els-monolegs-del-club-de-la-ciencia/" />
<meta property="og:locale" content="en_US" />
<meta property="og:type" content="article" />
<meta property="og:title" content="Final 7a edició concurs “Els monòlegs del Club de la Ciència&quot; - Fundacio Recerca" />
<meta property="og:description" content="El proper dia 21 de novembre se celebra a Alacant la final de la 7a edició del concurs “Els monòlegs del Club de la Ciència”, organitzada per la Fundació Catalana [&hellip;]" />
<meta property="og:url" content="https://fcri.cat/en/agenda/oberta-inscripcio-6a-edicio-concurs-els-monolegs-del-club-de-la-ciencia/" />
<meta property="og:site_name" content="Fundacio Recerca" />
<meta property="article:publisher" content="https://www.facebook.com/fundaciorecerca" />
<meta property="article:modified_time" content="2025-12-06T17:59:56+00:00" />
<meta name="twitter:card" content="summary_large_image" />
<meta name="twitter:site" content="@fundaciorecerca" />
<meta name="twitter:label1" content="Est. reading time" />
	<meta name="twitter:data1" content="1 minute" />
<script type="application/ld+json" class="yoast-schema-graph">{"@context":"https://schema.org","@graph":[{"@type":"WebPage","@id":"https://fcri.cat/en/agenda/oberta-inscripcio-6a-edicio-concurs-els-monolegs-del-club-de-la-ciencia/","url":"https://fcri.cat/en/agenda/oberta-inscripcio-6a-edicio-concurs-els-monolegs-del-club-de-la-ciencia/","name":"Final 7a edició concurs “Els monòlegs del Club de la Ciència\" - Fundacio Recerca","isPartOf":{"@id":"https://fcri.cat/en/#website"},"datePublished":"2024-07-16T12:26:05+00:00","dateModified":"2025-12-06T17:59:56+00:00","breadcrumb":{"@id":"https://fcri.cat/en/agenda/oberta-inscripcio-6a-edicio-concurs-els-monolegs-del-club-de-la-ciencia/#breadcrumb"},"inLanguage":"en-US","potentialAction":[{"@type":"ReadAction","target":["https://fcri.cat/en/agenda/oberta-inscripcio-6a-edicio-concurs-els-monolegs-del-club-de-la-ciencia/"]}]},{"@type":"BreadcrumbList","@id":"https://fcri.cat/en/agenda/oberta-inscripcio-6a-edicio-concurs-els-monolegs-del-club-de-la-ciencia/#breadcrumb","itemListElement":[{"@type":"ListItem","position":1,"name":"Inici","item":"https://fcri.cat/en/"},{"@type":"ListItem","position":2,"name":"Events","item":"https://fcri.cat/en/agenda/"},{"@type":"ListItem","position":3,"name":"Final 7a edició concurs “Els monòlegs del Club de la Ciència&#8221;"}]},{"@type":"WebSite","@id":"https://fcri.cat/en/#website","url":"https://fcri.cat/en/","name":"Fundacio Recerca","description":"Fundació Catalana per a la Recerca i la Innovació","potentialAction":[{"@type":"SearchAction","target":{"@type":"EntryPoint","urlTemplate":"https://fcri.cat/en/?s={search_term_string}"},"query-input":"required name=search_term_string"}],"inLanguage":"en-US"}]}</script>
<!-- / Yoast SEO plugin. -->

Final 7a edició concurs “Els monòlegs del Club de la Ciència" - Fundacio Recerca

El proper dia 21 de novembre se celebra a Alacant la final de la 7a edició del concurs “Els monòlegs del Club de la Ciència”, organitzada per la Fundació Catalana [&hellip;]

Fundació Catalana per a la Recerca i la Innovació
