{"id":8408,"date":"2021-05-18T16:34:41","date_gmt":"2021-05-18T15:34:41","guid":{"rendered":"https:\/\/fundaciorecerca.cat\/?post_type=tribe_events&#038;p=8408"},"modified":"2021-06-11T12:49:58","modified_gmt":"2021-06-11T11:49:58","slug":"100tifiques-4-0-trobada-de-debat-i-networking-biennal-ciutat-i-ciencia-de-barcelona","status":"publish","type":"tribe_events","link":"https:\/\/fcri.cat\/en\/agenda\/100tifiques-4-0-trobada-de-debat-i-networking-biennal-ciutat-i-ciencia-de-barcelona\/","title":{"rendered":"#100t\u00edfiques 4.0. Trobada de debat i networking &#8211; Biennal Ciutat i Ci\u00e8ncia de Barcelona"},"content":{"rendered":"<p>Ens sumem a la gran festa de la ci\u00e8ncia de la\u00a0<a title=\"enlla\u00e7 a la bienal\" href=\"https:\/\/www.biennalciutaticiencia.barcelona\/\" target=\"_blank\" rel=\"noopener noreferrer\">Biennal<\/a>, amb aquest acte de reconeixement a les gaireb\u00e9 cinc-centes #100t\u00edfiques que vau participar en la tercera edici\u00f3 del febrer de 2021, amb l\u2019objectiu d\u2019ocupar l\u2019espai de relaci\u00f3 publicoprivada de la recerca que correspon a les cient\u00edfiques i tecn\u00f2logues del pa\u00eds, i de portar la ci\u00e8ncia a les aules.<\/p>\n<p>La trobada posar\u00e0 l\u2019accent en la reflexi\u00f3 sobre com expandir la influ\u00e8ncia de les dones dins la ci\u00e8ncia, i comptar\u00e0 amb la salutaci\u00f3 d\u2019Ada Colau, alcaldessa de Barcelona.<\/p>\n<p><strong>Data:<\/strong>\u00a010 de juny de 2021<\/p>\n<p><strong>Hora:<\/strong>\u00a012.30<\/p>\n<p><strong>Lloc:<\/strong>\u00a0Parc Cient\u00edfic de Barcelona<\/p>\n<p><strong>M\u00e9s informaci\u00f3 i inscripcions<\/strong>: <a href=\"https:\/\/100tifiques.cat\/\">https:\/\/100tifiques.cat\/<\/a><\/p>\n","protected":false},"excerpt":{"rendered":"<p>Ens sumem a la gran festa de la ci\u00e8ncia de la\u00a0Biennal, amb aquest acte de reconeixement a les gaireb\u00e9 cinc-centes #100t\u00edfiques que vau participar en la tercera edici\u00f3 del febrer [&hellip;]<\/p>\n","protected":false},"author":3,"featured_media":0,"comment_status":"open","ping_status":"closed","template":"","meta":{"_et_pb_use_builder":"","_et_pb_old_content":"","_et_gb_content_width":"","_tribe_events_status":"","_tribe_events_status_reason":"","footnotes":""},"tags":[],"tribe_events_cat":[96],"class_list":["post-8408","tribe_events","type-tribe_events","status-publish","hentry","tribe_events_cat-ciencia-i-ciutadania-agenda","cat_ciencia-i-ciutadania-agenda"],"yoast_head":"<!-- This site is optimized with the Yoast SEO plugin v22.9 - https:\/\/yoast.com\/wordpress\/plugins\/seo\/ -->\n<title>#100t\u00edfiques 4.0. Trobada de debat i networking - Biennal Ciutat i Ci\u00e8ncia de Barcelona - Fundacio Recerca<\/title>\n<meta name=\"robots\" content=\"index, follow, max-snippet:-1, max-image-preview:large, max-video-preview:-1\" \/>\n<link rel=\"canonical\" href=\"https:\/\/fcri.cat\/en\/agenda\/100tifiques-4-0-trobada-de-debat-i-networking-biennal-ciutat-i-ciencia-de-barcelona\/\" \/>\n<meta property=\"og:locale\" content=\"en_US\" \/>\n<meta property=\"og:type\" content=\"article\" \/>\n<meta property=\"og:title\" content=\"#100t\u00edfiques 4.0. Trobada de debat i networking - Biennal Ciutat i Ci\u00e8ncia de Barcelona - Fundacio Recerca\" \/>\n<meta property=\"og:description\" content=\"Ens sumem a la gran festa de la ci\u00e8ncia de la\u00a0Biennal, amb aquest acte de reconeixement a les gaireb\u00e9 cinc-centes #100t\u00edfiques que vau participar en la tercera edici\u00f3 del febrer [&hellip;]\" \/>\n<meta property=\"og:url\" content=\"https:\/\/fcri.cat\/en\/agenda\/100tifiques-4-0-trobada-de-debat-i-networking-biennal-ciutat-i-ciencia-de-barcelona\/\" \/>\n<meta property=\"og:site_name\" content=\"Fundacio Recerca\" \/>\n<meta property=\"article:publisher\" content=\"https:\/\/www.facebook.com\/fundaciorecerca\" \/>\n<meta property=\"article:modified_time\" content=\"2021-06-11T11:49:58+00:00\" \/>\n<meta name=\"twitter:card\" content=\"summary_large_image\" \/>\n<meta name=\"twitter:site\" content=\"@fundaciorecerca\" \/>\n<meta name=\"twitter:label1\" content=\"Est. reading time\" \/>\n\t<meta name=\"twitter:data1\" content=\"1 minute\" \/>\n<script type=\"application\/ld+json\" class=\"yoast-schema-graph\">{\"@context\":\"https:\/\/schema.org\",\"@graph\":[{\"@type\":\"WebPage\",\"@id\":\"https:\/\/fcri.cat\/en\/agenda\/100tifiques-4-0-trobada-de-debat-i-networking-biennal-ciutat-i-ciencia-de-barcelona\/\",\"url\":\"https:\/\/fcri.cat\/en\/agenda\/100tifiques-4-0-trobada-de-debat-i-networking-biennal-ciutat-i-ciencia-de-barcelona\/\",\"name\":\"#100t\u00edfiques 4.0. Trobada de debat i networking - Biennal Ciutat i Ci\u00e8ncia de Barcelona - Fundacio Recerca\",\"isPartOf\":{\"@id\":\"https:\/\/fcri.cat\/en\/#website\"},\"datePublished\":\"2021-05-18T15:34:41+00:00\",\"dateModified\":\"2021-06-11T11:49:58+00:00\",\"breadcrumb\":{\"@id\":\"https:\/\/fcri.cat\/en\/agenda\/100tifiques-4-0-trobada-de-debat-i-networking-biennal-ciutat-i-ciencia-de-barcelona\/#breadcrumb\"},\"inLanguage\":\"en-US\",\"potentialAction\":[{\"@type\":\"ReadAction\",\"target\":[\"https:\/\/fcri.cat\/en\/agenda\/100tifiques-4-0-trobada-de-debat-i-networking-biennal-ciutat-i-ciencia-de-barcelona\/\"]}]},{\"@type\":\"BreadcrumbList\",\"@id\":\"https:\/\/fcri.cat\/en\/agenda\/100tifiques-4-0-trobada-de-debat-i-networking-biennal-ciutat-i-ciencia-de-barcelona\/#breadcrumb\",\"itemListElement\":[{\"@type\":\"ListItem\",\"position\":1,\"name\":\"Inici\",\"item\":\"https:\/\/fcri.cat\/en\/\"},{\"@type\":\"ListItem\",\"position\":2,\"name\":\"Events\",\"item\":\"https:\/\/fcri.cat\/en\/agenda\/\"},{\"@type\":\"ListItem\",\"position\":3,\"name\":\"#100t\u00edfiques 4.0. Trobada de debat i networking &#8211; Biennal Ciutat i Ci\u00e8ncia de Barcelona\"}]},{\"@type\":\"WebSite\",\"@id\":\"https:\/\/fcri.cat\/en\/#website\",\"url\":\"https:\/\/fcri.cat\/en\/\",\"name\":\"Fundacio Recerca\",\"description\":\"Fundaci\u00f3 Catalana per a la Recerca i la Innovaci\u00f3\",\"potentialAction\":[{\"@type\":\"SearchAction\",\"target\":{\"@type\":\"EntryPoint\",\"urlTemplate\":\"https:\/\/fcri.cat\/en\/?s={search_term_string}\"},\"query-input\":\"required name=search_term_string\"}],\"inLanguage\":\"en-US\"}]}<\/script>\n<!-- \/ Yoast SEO plugin. -->","yoast_head_json":{"title":"#100t\u00edfiques 4.0. Trobada de debat i networking - Biennal Ciutat i Ci\u00e8ncia de Barcelona - Fundacio Recerca","robots":{"index":"index","follow":"follow","max-snippet":"max-snippet:-1","max-image-preview":"max-image-preview:large","max-video-preview":"max-video-preview:-1"},"canonical":"https:\/\/fcri.cat\/en\/agenda\/100tifiques-4-0-trobada-de-debat-i-networking-biennal-ciutat-i-ciencia-de-barcelona\/","og_locale":"en_US","og_type":"article","og_title":"#100t\u00edfiques 4.0. Trobada de debat i networking - Biennal Ciutat i Ci\u00e8ncia de Barcelona - Fundacio Recerca","og_description":"Ens sumem a la gran festa de la ci\u00e8ncia de la\u00a0Biennal, amb aquest acte de reconeixement a les gaireb\u00e9 cinc-centes #100t\u00edfiques que vau participar en la tercera edici\u00f3 del febrer [&hellip;]","og_url":"https:\/\/fcri.cat\/en\/agenda\/100tifiques-4-0-trobada-de-debat-i-networking-biennal-ciutat-i-ciencia-de-barcelona\/","og_site_name":"Fundacio Recerca","article_publisher":"https:\/\/www.facebook.com\/fundaciorecerca","article_modified_time":"2021-06-11T11:49:58+00:00","twitter_card":"summary_large_image","twitter_site":"@fundaciorecerca","twitter_misc":{"Est. reading time":"1 minute"},"schema":{"@context":"https:\/\/schema.org","@graph":[{"@type":"WebPage","@id":"https:\/\/fcri.cat\/en\/agenda\/100tifiques-4-0-trobada-de-debat-i-networking-biennal-ciutat-i-ciencia-de-barcelona\/","url":"https:\/\/fcri.cat\/en\/agenda\/100tifiques-4-0-trobada-de-debat-i-networking-biennal-ciutat-i-ciencia-de-barcelona\/","name":"#100t\u00edfiques 4.0. Trobada de debat i networking - Biennal Ciutat i Ci\u00e8ncia de Barcelona - Fundacio Recerca","isPartOf":{"@id":"https:\/\/fcri.cat\/en\/#website"},"datePublished":"2021-05-18T15:34:41+00:00","dateModified":"2021-06-11T11:49:58+00:00","breadcrumb":{"@id":"https:\/\/fcri.cat\/en\/agenda\/100tifiques-4-0-trobada-de-debat-i-networking-biennal-ciutat-i-ciencia-de-barcelona\/#breadcrumb"},"inLanguage":"en-US","potentialAction":[{"@type":"ReadAction","target":["https:\/\/fcri.cat\/en\/agenda\/100tifiques-4-0-trobada-de-debat-i-networking-biennal-ciutat-i-ciencia-de-barcelona\/"]}]},{"@type":"BreadcrumbList","@id":"https:\/\/fcri.cat\/en\/agenda\/100tifiques-4-0-trobada-de-debat-i-networking-biennal-ciutat-i-ciencia-de-barcelona\/#breadcrumb","itemListElement":[{"@type":"ListItem","position":1,"name":"Inici","item":"https:\/\/fcri.cat\/en\/"},{"@type":"ListItem","position":2,"name":"Events","item":"https:\/\/fcri.cat\/en\/agenda\/"},{"@type":"ListItem","position":3,"name":"#100t\u00edfiques 4.0. Trobada de debat i networking &#8211; Biennal Ciutat i Ci\u00e8ncia de Barcelona"}]},{"@type":"WebSite","@id":"https:\/\/fcri.cat\/en\/#website","url":"https:\/\/fcri.cat\/en\/","name":"Fundacio Recerca","description":"Fundaci\u00f3 Catalana per a la Recerca i la Innovaci\u00f3","potentialAction":[{"@type":"SearchAction","target":{"@type":"EntryPoint","urlTemplate":"https:\/\/fcri.cat\/en\/?s={search_term_string}"},"query-input":"required name=search_term_string"}],"inLanguage":"en-US"}]}},"_links":{"self":[{"href":"https:\/\/fcri.cat\/en\/wp-json\/wp\/v2\/tribe_events\/8408"}],"collection":[{"href":"https:\/\/fcri.cat\/en\/wp-json\/wp\/v2\/tribe_events"}],"about":[{"href":"https:\/\/fcri.cat\/en\/wp-json\/wp\/v2\/types\/tribe_events"}],"author":[{"embeddable":true,"href":"https:\/\/fcri.cat\/en\/wp-json\/wp\/v2\/users\/3"}],"replies":[{"embeddable":true,"href":"https:\/\/fcri.cat\/en\/wp-json\/wp\/v2\/comments?post=8408"}],"version-history":[{"count":10,"href":"https:\/\/fcri.cat\/en\/wp-json\/wp\/v2\/tribe_events\/8408\/revisions"}],"predecessor-version":[{"id":8731,"href":"https:\/\/fcri.cat\/en\/wp-json\/wp\/v2\/tribe_events\/8408\/revisions\/8731"}],"wp:attachment":[{"href":"https:\/\/fcri.cat\/en\/wp-json\/wp\/v2\/media?parent=8408"}],"wp:term":[{"taxonomy":"post_tag","embeddable":true,"href":"https:\/\/fcri.cat\/en\/wp-json\/wp\/v2\/tags?post=8408"},{"taxonomy":"tribe_events_cat","embeddable":true,"href":"https:\/\/fcri.cat\/en\/wp-json\/wp\/v2\/tribe_events_cat?post=8408"}],"curies":[{"name":"wp","href":"https:\/\/api.w.org\/{rel}","templated":true}]}}

#100tífiques 4.0. Trobada de debat i networking &#8211; Biennal Ciutat i Ciència de Barcelona

<p>Ens sumem a la gran festa de la ciència de la <a title="enllaç a la bienal" href="https://www.biennalciutaticiencia.barcelona/" target="_blank" rel="noopener noreferrer">Biennal</a>, amb aquest acte de reconeixement a les gairebé cinc-centes #100tífiques que vau participar en la tercera edició del febrer de 2021, amb l’objectiu d’ocupar l’espai de relació publicoprivada de la recerca que correspon a les científiques i tecnòlogues del país, i de portar la ciència a les aules.</p>
<p>La trobada posarà l’accent en la reflexió sobre com expandir la influència de les dones dins la ciència, i comptarà amb la salutació d’Ada Colau, alcaldessa de Barcelona.</p>
<p><strong>Data:</strong> 10 de juny de 2021</p>
<p><strong>Hora:</strong> 12.30</p>
<p><strong>Lloc:</strong> Parc Científic de Barcelona</p>
<p><strong>Més informació i inscripcions</strong>: <a href="https://100tifiques.cat/">https://100tifiques.cat/</a></p>

<p>Ens sumem a la gran festa de la ciència de la Biennal, amb aquest acte de reconeixement a les gairebé cinc-centes #100tífiques que vau participar en la tercera edició del febrer [&hellip;]</p>

<!-- This site is optimized with the Yoast SEO plugin v22.9 - https://yoast.com/wordpress/plugins/seo/ -->
<title>#100tífiques 4.0. Trobada de debat i networking - Biennal Ciutat i Ciència de Barcelona - Fundacio Recerca</title>
<meta name="robots" content="index, follow, max-snippet:-1, max-image-preview:large, max-video-preview:-1" />
<link rel="canonical" href="https://fcri.cat/en/agenda/100tifiques-4-0-trobada-de-debat-i-networking-biennal-ciutat-i-ciencia-de-barcelona/" />
<meta property="og:locale" content="en_US" />
<meta property="og:type" content="article" />
<meta property="og:title" content="#100tífiques 4.0. Trobada de debat i networking - Biennal Ciutat i Ciència de Barcelona - Fundacio Recerca" />
<meta property="og:description" content="Ens sumem a la gran festa de la ciència de la Biennal, amb aquest acte de reconeixement a les gairebé cinc-centes #100tífiques que vau participar en la tercera edició del febrer [&hellip;]" />
<meta property="og:url" content="https://fcri.cat/en/agenda/100tifiques-4-0-trobada-de-debat-i-networking-biennal-ciutat-i-ciencia-de-barcelona/" />
<meta property="og:site_name" content="Fundacio Recerca" />
<meta property="article:publisher" content="https://www.facebook.com/fundaciorecerca" />
<meta property="article:modified_time" content="2021-06-11T11:49:58+00:00" />
<meta name="twitter:card" content="summary_large_image" />
<meta name="twitter:site" content="@fundaciorecerca" />
<meta name="twitter:label1" content="Est. reading time" />
	<meta name="twitter:data1" content="1 minute" />
<script type="application/ld+json" class="yoast-schema-graph">{"@context":"https://schema.org","@graph":[{"@type":"WebPage","@id":"https://fcri.cat/en/agenda/100tifiques-4-0-trobada-de-debat-i-networking-biennal-ciutat-i-ciencia-de-barcelona/","url":"https://fcri.cat/en/agenda/100tifiques-4-0-trobada-de-debat-i-networking-biennal-ciutat-i-ciencia-de-barcelona/","name":"#100tífiques 4.0. Trobada de debat i networking - Biennal Ciutat i Ciència de Barcelona - Fundacio Recerca","isPartOf":{"@id":"https://fcri.cat/en/#website"},"datePublished":"2021-05-18T15:34:41+00:00","dateModified":"2021-06-11T11:49:58+00:00","breadcrumb":{"@id":"https://fcri.cat/en/agenda/100tifiques-4-0-trobada-de-debat-i-networking-biennal-ciutat-i-ciencia-de-barcelona/#breadcrumb"},"inLanguage":"en-US","potentialAction":[{"@type":"ReadAction","target":["https://fcri.cat/en/agenda/100tifiques-4-0-trobada-de-debat-i-networking-biennal-ciutat-i-ciencia-de-barcelona/"]}]},{"@type":"BreadcrumbList","@id":"https://fcri.cat/en/agenda/100tifiques-4-0-trobada-de-debat-i-networking-biennal-ciutat-i-ciencia-de-barcelona/#breadcrumb","itemListElement":[{"@type":"ListItem","position":1,"name":"Inici","item":"https://fcri.cat/en/"},{"@type":"ListItem","position":2,"name":"Events","item":"https://fcri.cat/en/agenda/"},{"@type":"ListItem","position":3,"name":"#100tífiques 4.0. Trobada de debat i networking &#8211; Biennal Ciutat i Ciència de Barcelona"}]},{"@type":"WebSite","@id":"https://fcri.cat/en/#website","url":"https://fcri.cat/en/","name":"Fundacio Recerca","description":"Fundació Catalana per a la Recerca i la Innovació","potentialAction":[{"@type":"SearchAction","target":{"@type":"EntryPoint","urlTemplate":"https://fcri.cat/en/?s={search_term_string}"},"query-input":"required name=search_term_string"}],"inLanguage":"en-US"}]}</script>
<!-- / Yoast SEO plugin. -->

#100tífiques 4.0. Trobada de debat i networking - Biennal Ciutat i Ciència de Barcelona - Fundacio Recerca

Ens sumem a la gran festa de la ciència de la Biennal, amb aquest acte de reconeixement a les gairebé cinc-centes #100tífiques que vau participar en la tercera edició del febrer [&hellip;]

Fundació Catalana per a la Recerca i la Innovació
