{"id":10586,"date":"2021-12-17T08:54:01","date_gmt":"2021-12-17T07:54:01","guid":{"rendered":"https:\/\/fundaciorecerca.cat\/?post_type=tribe_events&#038;p=10586"},"modified":"2022-02-09T12:35:36","modified_gmt":"2022-02-09T11:35:36","slug":"trobada-anual-100tifiques-2022","status":"publish","type":"tribe_events","link":"https:\/\/fcri.cat\/es\/agenda\/trobada-anual-100tifiques-2022\/","title":{"rendered":"Trobada anual #100t\u00edfiques 2022"},"content":{"rendered":"<p>La trobada anual #100t\u00edfiques, iniciativa de l\u2019FCRI i el Barcelona Institute of Science and Technology (BIST), en col\u00b7laboraci\u00f3 amb el Departament d\u2019Educaci\u00f3 de la Generalitat,<br \/>\nde Catalunya, se celebrar\u00e0 presencialment divendres 4 de febrer de 2022. L&#8217;activitat ser\u00e0 una oportunitat per a donar visibilitat a les dones cient\u00edfiques i agrair-los la seva participaci\u00f3 en el programa, i \u00e9s essencial per preparar i unificar els continguts i estrat\u00e8gies comunicatives de les xerrades del dia 11 de febrer.<\/p>\n<p>La trobada se celebrar\u00e0 com a avantsala de les xerrades de centenars d&#8217;investigadores l&#8217;11 de febrer, Dia Internacional de la Dona i la Nena en la Ci\u00e8ncia, impartides de manera presencial i en l\u00ednia en centres educatius de tota Catalunya. Les participants completaran una s\u00e8rie de seminaris web de formaci\u00f3 en estrat\u00e8gies d&#8217;ensenyament i comunicaci\u00f3 de la ci\u00e8ncia abans de la Trobada #100t\u00edfiques. A m\u00e9s, enguany les participants disposaran de c\u00e0psules de v\u00eddeo amb continguts formatius per a preparar les seves xerrades. Tamb\u00e9 s&#8217;ha previst una sessi\u00f3 de din\u00e0miques de grup una sessi\u00f3 de din\u00e0miques de grup.<\/p>\n<p>Us podeu inscriure <a href=\"https:\/\/bist.typeform.com\/to\/ETVYhrNq?typeform-source=bist.eu\"><strong>aqu\u00ed<\/strong><\/a>.<\/p>\n","protected":false},"excerpt":{"rendered":"<p>La trobada anual #100t\u00edfiques, iniciativa de l\u2019FCRI i el Barcelona Institute of Science and Technology (BIST), en col\u00b7laboraci\u00f3 amb el Departament d\u2019Educaci\u00f3 de la Generalitat, de Catalunya, se celebrar\u00e0 presencialment [&hellip;]<\/p>\n","protected":false},"author":3,"featured_media":0,"comment_status":"open","ping_status":"closed","template":"","meta":{"_et_pb_use_builder":"","_et_pb_old_content":"","_et_gb_content_width":"","_tribe_events_status":"","_tribe_events_status_reason":"","footnotes":""},"tags":[],"tribe_events_cat":[93,96],"class_list":["post-10586","tribe_events","type-tribe_events","status-publish","hentry","tribe_events_cat-agenda","tribe_events_cat-ciencia-i-ciutadania-agenda","cat_agenda","cat_ciencia-i-ciutadania-agenda"],"yoast_head":"<!-- This site is optimized with the Yoast SEO plugin v22.9 - https:\/\/yoast.com\/wordpress\/plugins\/seo\/ -->\n<title>Trobada anual #100t\u00edfiques 2022 - Fundacio Recerca<\/title>\n<meta name=\"robots\" content=\"index, follow, max-snippet:-1, max-image-preview:large, max-video-preview:-1\" \/>\n<link rel=\"canonical\" href=\"https:\/\/fcri.cat\/es\/agenda\/trobada-anual-100tifiques-2022\/\" \/>\n<meta property=\"og:locale\" content=\"es_ES\" \/>\n<meta property=\"og:type\" content=\"article\" \/>\n<meta property=\"og:title\" content=\"Trobada anual #100t\u00edfiques 2022 - Fundacio Recerca\" \/>\n<meta property=\"og:description\" content=\"La trobada anual #100t\u00edfiques, iniciativa de l\u2019FCRI i el Barcelona Institute of Science and Technology (BIST), en col\u00b7laboraci\u00f3 amb el Departament d\u2019Educaci\u00f3 de la Generalitat, de Catalunya, se celebrar\u00e0 presencialment [&hellip;]\" \/>\n<meta property=\"og:url\" content=\"https:\/\/fcri.cat\/es\/agenda\/trobada-anual-100tifiques-2022\/\" \/>\n<meta property=\"og:site_name\" content=\"Fundacio Recerca\" \/>\n<meta property=\"article:publisher\" content=\"https:\/\/www.facebook.com\/fundaciorecerca\" \/>\n<meta property=\"article:modified_time\" content=\"2022-02-09T11:35:36+00:00\" \/>\n<meta name=\"twitter:card\" content=\"summary_large_image\" \/>\n<meta name=\"twitter:site\" content=\"@fundaciorecerca\" \/>\n<meta name=\"twitter:label1\" content=\"Tiempo de lectura\" \/>\n\t<meta name=\"twitter:data1\" content=\"1 minuto\" \/>\n<script type=\"application\/ld+json\" class=\"yoast-schema-graph\">{\"@context\":\"https:\/\/schema.org\",\"@graph\":[{\"@type\":\"WebPage\",\"@id\":\"https:\/\/fcri.cat\/es\/agenda\/trobada-anual-100tifiques-2022\/\",\"url\":\"https:\/\/fcri.cat\/es\/agenda\/trobada-anual-100tifiques-2022\/\",\"name\":\"Trobada anual #100t\u00edfiques 2022 - Fundacio Recerca\",\"isPartOf\":{\"@id\":\"https:\/\/fcri.cat\/es\/#website\"},\"datePublished\":\"2021-12-17T07:54:01+00:00\",\"dateModified\":\"2022-02-09T11:35:36+00:00\",\"breadcrumb\":{\"@id\":\"https:\/\/fcri.cat\/es\/agenda\/trobada-anual-100tifiques-2022\/#breadcrumb\"},\"inLanguage\":\"es\",\"potentialAction\":[{\"@type\":\"ReadAction\",\"target\":[\"https:\/\/fcri.cat\/es\/agenda\/trobada-anual-100tifiques-2022\/\"]}]},{\"@type\":\"BreadcrumbList\",\"@id\":\"https:\/\/fcri.cat\/es\/agenda\/trobada-anual-100tifiques-2022\/#breadcrumb\",\"itemListElement\":[{\"@type\":\"ListItem\",\"position\":1,\"name\":\"Inici\",\"item\":\"https:\/\/fcri.cat\/es\/\"},{\"@type\":\"ListItem\",\"position\":2,\"name\":\"Eventos\",\"item\":\"https:\/\/fcri.cat\/es\/agenda\/\"},{\"@type\":\"ListItem\",\"position\":3,\"name\":\"Trobada anual #100t\u00edfiques 2022\"}]},{\"@type\":\"WebSite\",\"@id\":\"https:\/\/fcri.cat\/es\/#website\",\"url\":\"https:\/\/fcri.cat\/es\/\",\"name\":\"Fundacio Recerca\",\"description\":\"Fundaci\u00f3 Catalana per a la Recerca i la Innovaci\u00f3\",\"potentialAction\":[{\"@type\":\"SearchAction\",\"target\":{\"@type\":\"EntryPoint\",\"urlTemplate\":\"https:\/\/fcri.cat\/es\/?s={search_term_string}\"},\"query-input\":\"required name=search_term_string\"}],\"inLanguage\":\"es\"}]}<\/script>\n<!-- \/ Yoast SEO plugin. -->","yoast_head_json":{"title":"Trobada anual #100t\u00edfiques 2022 - Fundacio Recerca","robots":{"index":"index","follow":"follow","max-snippet":"max-snippet:-1","max-image-preview":"max-image-preview:large","max-video-preview":"max-video-preview:-1"},"canonical":"https:\/\/fcri.cat\/es\/agenda\/trobada-anual-100tifiques-2022\/","og_locale":"es_ES","og_type":"article","og_title":"Trobada anual #100t\u00edfiques 2022 - Fundacio Recerca","og_description":"La trobada anual #100t\u00edfiques, iniciativa de l\u2019FCRI i el Barcelona Institute of Science and Technology (BIST), en col\u00b7laboraci\u00f3 amb el Departament d\u2019Educaci\u00f3 de la Generalitat, de Catalunya, se celebrar\u00e0 presencialment [&hellip;]","og_url":"https:\/\/fcri.cat\/es\/agenda\/trobada-anual-100tifiques-2022\/","og_site_name":"Fundacio Recerca","article_publisher":"https:\/\/www.facebook.com\/fundaciorecerca","article_modified_time":"2022-02-09T11:35:36+00:00","twitter_card":"summary_large_image","twitter_site":"@fundaciorecerca","twitter_misc":{"Tiempo de lectura":"1 minuto"},"schema":{"@context":"https:\/\/schema.org","@graph":[{"@type":"WebPage","@id":"https:\/\/fcri.cat\/es\/agenda\/trobada-anual-100tifiques-2022\/","url":"https:\/\/fcri.cat\/es\/agenda\/trobada-anual-100tifiques-2022\/","name":"Trobada anual #100t\u00edfiques 2022 - Fundacio Recerca","isPartOf":{"@id":"https:\/\/fcri.cat\/es\/#website"},"datePublished":"2021-12-17T07:54:01+00:00","dateModified":"2022-02-09T11:35:36+00:00","breadcrumb":{"@id":"https:\/\/fcri.cat\/es\/agenda\/trobada-anual-100tifiques-2022\/#breadcrumb"},"inLanguage":"es","potentialAction":[{"@type":"ReadAction","target":["https:\/\/fcri.cat\/es\/agenda\/trobada-anual-100tifiques-2022\/"]}]},{"@type":"BreadcrumbList","@id":"https:\/\/fcri.cat\/es\/agenda\/trobada-anual-100tifiques-2022\/#breadcrumb","itemListElement":[{"@type":"ListItem","position":1,"name":"Inici","item":"https:\/\/fcri.cat\/es\/"},{"@type":"ListItem","position":2,"name":"Eventos","item":"https:\/\/fcri.cat\/es\/agenda\/"},{"@type":"ListItem","position":3,"name":"Trobada anual #100t\u00edfiques 2022"}]},{"@type":"WebSite","@id":"https:\/\/fcri.cat\/es\/#website","url":"https:\/\/fcri.cat\/es\/","name":"Fundacio Recerca","description":"Fundaci\u00f3 Catalana per a la Recerca i la Innovaci\u00f3","potentialAction":[{"@type":"SearchAction","target":{"@type":"EntryPoint","urlTemplate":"https:\/\/fcri.cat\/es\/?s={search_term_string}"},"query-input":"required name=search_term_string"}],"inLanguage":"es"}]}},"_links":{"self":[{"href":"https:\/\/fcri.cat\/es\/wp-json\/wp\/v2\/tribe_events\/10586"}],"collection":[{"href":"https:\/\/fcri.cat\/es\/wp-json\/wp\/v2\/tribe_events"}],"about":[{"href":"https:\/\/fcri.cat\/es\/wp-json\/wp\/v2\/types\/tribe_events"}],"author":[{"embeddable":true,"href":"https:\/\/fcri.cat\/es\/wp-json\/wp\/v2\/users\/3"}],"replies":[{"embeddable":true,"href":"https:\/\/fcri.cat\/es\/wp-json\/wp\/v2\/comments?post=10586"}],"version-history":[{"count":3,"href":"https:\/\/fcri.cat\/es\/wp-json\/wp\/v2\/tribe_events\/10586\/revisions"}],"predecessor-version":[{"id":10589,"href":"https:\/\/fcri.cat\/es\/wp-json\/wp\/v2\/tribe_events\/10586\/revisions\/10589"}],"wp:attachment":[{"href":"https:\/\/fcri.cat\/es\/wp-json\/wp\/v2\/media?parent=10586"}],"wp:term":[{"taxonomy":"post_tag","embeddable":true,"href":"https:\/\/fcri.cat\/es\/wp-json\/wp\/v2\/tags?post=10586"},{"taxonomy":"tribe_events_cat","embeddable":true,"href":"https:\/\/fcri.cat\/es\/wp-json\/wp\/v2\/tribe_events_cat?post=10586"}],"curies":[{"name":"wp","href":"https:\/\/api.w.org\/{rel}","templated":true}]}}

Trobada anual #100tífiques 2022

<p>La trobada anual #100tífiques, iniciativa de l’FCRI i el Barcelona Institute of Science and Technology (BIST), en col·laboració amb el Departament d’Educació de la Generalitat,<br />
de Catalunya, se celebrarà presencialment divendres 4 de febrer de 2022. L&#8217;activitat serà una oportunitat per a donar visibilitat a les dones científiques i agrair-los la seva participació en el programa, i és essencial per preparar i unificar els continguts i estratègies comunicatives de les xerrades del dia 11 de febrer.</p>
<p>La trobada se celebrarà com a avantsala de les xerrades de centenars d&#8217;investigadores l&#8217;11 de febrer, Dia Internacional de la Dona i la Nena en la Ciència, impartides de manera presencial i en línia en centres educatius de tota Catalunya. Les participants completaran una sèrie de seminaris web de formació en estratègies d&#8217;ensenyament i comunicació de la ciència abans de la Trobada #100tífiques. A més, enguany les participants disposaran de càpsules de vídeo amb continguts formatius per a preparar les seves xerrades. També s&#8217;ha previst una sessió de dinàmiques de grup una sessió de dinàmiques de grup.</p>
<p>Us podeu inscriure <a href="https://bist.typeform.com/to/ETVYhrNq?typeform-source=bist.eu"><strong>aquí</strong></a>.</p>

<p>La trobada anual #100tífiques, iniciativa de l’FCRI i el Barcelona Institute of Science and Technology (BIST), en col·laboració amb el Departament d’Educació de la Generalitat, de Catalunya, se celebrarà presencialment [&hellip;]</p>

<!-- This site is optimized with the Yoast SEO plugin v22.9 - https://yoast.com/wordpress/plugins/seo/ -->
<title>Trobada anual #100tífiques 2022 - Fundacio Recerca</title>
<meta name="robots" content="index, follow, max-snippet:-1, max-image-preview:large, max-video-preview:-1" />
<link rel="canonical" href="https://fcri.cat/es/agenda/trobada-anual-100tifiques-2022/" />
<meta property="og:locale" content="es_ES" />
<meta property="og:type" content="article" />
<meta property="og:title" content="Trobada anual #100tífiques 2022 - Fundacio Recerca" />
<meta property="og:description" content="La trobada anual #100tífiques, iniciativa de l’FCRI i el Barcelona Institute of Science and Technology (BIST), en col·laboració amb el Departament d’Educació de la Generalitat, de Catalunya, se celebrarà presencialment [&hellip;]" />
<meta property="og:url" content="https://fcri.cat/es/agenda/trobada-anual-100tifiques-2022/" />
<meta property="og:site_name" content="Fundacio Recerca" />
<meta property="article:publisher" content="https://www.facebook.com/fundaciorecerca" />
<meta property="article:modified_time" content="2022-02-09T11:35:36+00:00" />
<meta name="twitter:card" content="summary_large_image" />
<meta name="twitter:site" content="@fundaciorecerca" />
<meta name="twitter:label1" content="Tiempo de lectura" />
	<meta name="twitter:data1" content="1 minuto" />
<script type="application/ld+json" class="yoast-schema-graph">{"@context":"https://schema.org","@graph":[{"@type":"WebPage","@id":"https://fcri.cat/es/agenda/trobada-anual-100tifiques-2022/","url":"https://fcri.cat/es/agenda/trobada-anual-100tifiques-2022/","name":"Trobada anual #100tífiques 2022 - Fundacio Recerca","isPartOf":{"@id":"https://fcri.cat/es/#website"},"datePublished":"2021-12-17T07:54:01+00:00","dateModified":"2022-02-09T11:35:36+00:00","breadcrumb":{"@id":"https://fcri.cat/es/agenda/trobada-anual-100tifiques-2022/#breadcrumb"},"inLanguage":"es","potentialAction":[{"@type":"ReadAction","target":["https://fcri.cat/es/agenda/trobada-anual-100tifiques-2022/"]}]},{"@type":"BreadcrumbList","@id":"https://fcri.cat/es/agenda/trobada-anual-100tifiques-2022/#breadcrumb","itemListElement":[{"@type":"ListItem","position":1,"name":"Inici","item":"https://fcri.cat/es/"},{"@type":"ListItem","position":2,"name":"Eventos","item":"https://fcri.cat/es/agenda/"},{"@type":"ListItem","position":3,"name":"Trobada anual #100tífiques 2022"}]},{"@type":"WebSite","@id":"https://fcri.cat/es/#website","url":"https://fcri.cat/es/","name":"Fundacio Recerca","description":"Fundació Catalana per a la Recerca i la Innovació","potentialAction":[{"@type":"SearchAction","target":{"@type":"EntryPoint","urlTemplate":"https://fcri.cat/es/?s={search_term_string}"},"query-input":"required name=search_term_string"}],"inLanguage":"es"}]}</script>
<!-- / Yoast SEO plugin. -->

Trobada anual #100tífiques 2022 - Fundacio Recerca

La trobada anual #100tífiques, iniciativa de l’FCRI i el Barcelona Institute of Science and Technology (BIST), en col·laboració amb el Departament d’Educació de la Generalitat, de Catalunya, se celebrarà presencialment [&hellip;]

Fundació Catalana per a la Recerca i la Innovació
