{"id":14172,"date":"2023-05-08T09:21:25","date_gmt":"2023-05-08T08:21:25","guid":{"rendered":"https:\/\/fundaciorecerca.cat\/?post_type=tribe_events&#038;p=14172"},"modified":"2023-05-25T12:37:48","modified_gmt":"2023-05-25T11:37:48","slug":"jornada-el-doctorat-industrial-un-valor-estrategic-per-a-les-empreses","status":"publish","type":"tribe_events","link":"https:\/\/fcri.cat\/es\/agenda\/jornada-el-doctorat-industrial-un-valor-estrategic-per-a-les-empreses\/","title":{"rendered":"Jornada \u201cEl Doctorat Industrial: un valor estrat\u00e8gic per a les empreses\u201d"},"content":{"rendered":"<p>L\u2019acte consistir\u00e0 en un esmorzar de networking com a benvinguda, i seguir\u00e0 amb una taula rodona en qu\u00e8 s\u2019explicaran les noves condicions del programa de Doctorats Industrials de cara al 2023 i el proc\u00e9s que han de seguir els estudiants i les empreses a l\u2019hora d\u2019adherir-s\u2019hi. La taula acabar\u00e0 amb un torn de preguntes en qu\u00e8 els assistents podran traslladar els seus dubtes als ponents. Finalment, s\u2019exposaran dos casos d\u2019\u00e8xit en la incorporaci\u00f3 de doctorats industrials a les empreses.<\/p>\n<p>Inscripci\u00f3 al seg\u00fcent enlla\u00e7:  h<a href=\"https:\/\/forms.office.com\/e\/HJLsbiwTw9\">https:\/\/forms.office.com\/e\/HJLsbiwTw9<\/a> <\/p>\n<p>Lloc: Sala Polivalent de l&#8217;edifici Eureka. Campus de la UAB, 08193 Bellaterra<\/p>\n<p>Data: Dijous 11, Maig de 2023 &#8211; 10:30h<\/p>\n","protected":false},"excerpt":{"rendered":"<p>L\u2019acte consistir\u00e0 en un esmorzar de networking com a benvinguda, i seguir\u00e0 amb una taula rodona en qu\u00e8 s\u2019explicaran les noves condicions del programa de Doctorats Industrials de cara al [&hellip;]<\/p>\n","protected":false},"author":3,"featured_media":0,"comment_status":"open","ping_status":"closed","template":"","meta":{"_et_pb_use_builder":"","_et_pb_old_content":"","_et_gb_content_width":"","_tribe_events_status":"","_tribe_events_status_reason":"","footnotes":""},"tags":[],"tribe_events_cat":[],"class_list":["post-14172","tribe_events","type-tribe_events","status-publish","hentry"],"yoast_head":"<!-- This site is optimized with the Yoast SEO plugin v22.9 - https:\/\/yoast.com\/wordpress\/plugins\/seo\/ -->\n<title>Jornada \u201cEl Doctorat Industrial: un valor estrat\u00e8gic per a les empreses\u201d - Fundacio Recerca<\/title>\n<meta name=\"robots\" content=\"index, follow, max-snippet:-1, max-image-preview:large, max-video-preview:-1\" \/>\n<link rel=\"canonical\" href=\"https:\/\/fcri.cat\/es\/agenda\/jornada-el-doctorat-industrial-un-valor-estrategic-per-a-les-empreses\/\" \/>\n<meta property=\"og:locale\" content=\"es_ES\" \/>\n<meta property=\"og:type\" content=\"article\" \/>\n<meta property=\"og:title\" content=\"Jornada \u201cEl Doctorat Industrial: un valor estrat\u00e8gic per a les empreses\u201d - Fundacio Recerca\" \/>\n<meta property=\"og:description\" content=\"L\u2019acte consistir\u00e0 en un esmorzar de networking com a benvinguda, i seguir\u00e0 amb una taula rodona en qu\u00e8 s\u2019explicaran les noves condicions del programa de Doctorats Industrials de cara al [&hellip;]\" \/>\n<meta property=\"og:url\" content=\"https:\/\/fcri.cat\/es\/agenda\/jornada-el-doctorat-industrial-un-valor-estrategic-per-a-les-empreses\/\" \/>\n<meta property=\"og:site_name\" content=\"Fundacio Recerca\" \/>\n<meta property=\"article:publisher\" content=\"https:\/\/www.facebook.com\/fundaciorecerca\" \/>\n<meta property=\"article:modified_time\" content=\"2023-05-25T11:37:48+00:00\" \/>\n<meta name=\"twitter:card\" content=\"summary_large_image\" \/>\n<meta name=\"twitter:site\" content=\"@fundaciorecerca\" \/>\n<meta name=\"twitter:label1\" content=\"Tiempo de lectura\" \/>\n\t<meta name=\"twitter:data1\" content=\"1 minuto\" \/>\n<script type=\"application\/ld+json\" class=\"yoast-schema-graph\">{\"@context\":\"https:\/\/schema.org\",\"@graph\":[{\"@type\":\"WebPage\",\"@id\":\"https:\/\/fcri.cat\/es\/agenda\/jornada-el-doctorat-industrial-un-valor-estrategic-per-a-les-empreses\/\",\"url\":\"https:\/\/fcri.cat\/es\/agenda\/jornada-el-doctorat-industrial-un-valor-estrategic-per-a-les-empreses\/\",\"name\":\"Jornada \u201cEl Doctorat Industrial: un valor estrat\u00e8gic per a les empreses\u201d - Fundacio Recerca\",\"isPartOf\":{\"@id\":\"https:\/\/fcri.cat\/es\/#website\"},\"datePublished\":\"2023-05-08T08:21:25+00:00\",\"dateModified\":\"2023-05-25T11:37:48+00:00\",\"breadcrumb\":{\"@id\":\"https:\/\/fcri.cat\/es\/agenda\/jornada-el-doctorat-industrial-un-valor-estrategic-per-a-les-empreses\/#breadcrumb\"},\"inLanguage\":\"es\",\"potentialAction\":[{\"@type\":\"ReadAction\",\"target\":[\"https:\/\/fcri.cat\/es\/agenda\/jornada-el-doctorat-industrial-un-valor-estrategic-per-a-les-empreses\/\"]}]},{\"@type\":\"BreadcrumbList\",\"@id\":\"https:\/\/fcri.cat\/es\/agenda\/jornada-el-doctorat-industrial-un-valor-estrategic-per-a-les-empreses\/#breadcrumb\",\"itemListElement\":[{\"@type\":\"ListItem\",\"position\":1,\"name\":\"Inici\",\"item\":\"https:\/\/fcri.cat\/es\/\"},{\"@type\":\"ListItem\",\"position\":2,\"name\":\"Eventos\",\"item\":\"https:\/\/fcri.cat\/es\/agenda\/\"},{\"@type\":\"ListItem\",\"position\":3,\"name\":\"Jornada \u201cEl Doctorat Industrial: un valor estrat\u00e8gic per a les empreses\u201d\"}]},{\"@type\":\"WebSite\",\"@id\":\"https:\/\/fcri.cat\/es\/#website\",\"url\":\"https:\/\/fcri.cat\/es\/\",\"name\":\"Fundacio Recerca\",\"description\":\"Fundaci\u00f3 Catalana per a la Recerca i la Innovaci\u00f3\",\"potentialAction\":[{\"@type\":\"SearchAction\",\"target\":{\"@type\":\"EntryPoint\",\"urlTemplate\":\"https:\/\/fcri.cat\/es\/?s={search_term_string}\"},\"query-input\":\"required name=search_term_string\"}],\"inLanguage\":\"es\"}]}<\/script>\n<!-- \/ Yoast SEO plugin. -->","yoast_head_json":{"title":"Jornada \u201cEl Doctorat Industrial: un valor estrat\u00e8gic per a les empreses\u201d - Fundacio Recerca","robots":{"index":"index","follow":"follow","max-snippet":"max-snippet:-1","max-image-preview":"max-image-preview:large","max-video-preview":"max-video-preview:-1"},"canonical":"https:\/\/fcri.cat\/es\/agenda\/jornada-el-doctorat-industrial-un-valor-estrategic-per-a-les-empreses\/","og_locale":"es_ES","og_type":"article","og_title":"Jornada \u201cEl Doctorat Industrial: un valor estrat\u00e8gic per a les empreses\u201d - Fundacio Recerca","og_description":"L\u2019acte consistir\u00e0 en un esmorzar de networking com a benvinguda, i seguir\u00e0 amb una taula rodona en qu\u00e8 s\u2019explicaran les noves condicions del programa de Doctorats Industrials de cara al [&hellip;]","og_url":"https:\/\/fcri.cat\/es\/agenda\/jornada-el-doctorat-industrial-un-valor-estrategic-per-a-les-empreses\/","og_site_name":"Fundacio Recerca","article_publisher":"https:\/\/www.facebook.com\/fundaciorecerca","article_modified_time":"2023-05-25T11:37:48+00:00","twitter_card":"summary_large_image","twitter_site":"@fundaciorecerca","twitter_misc":{"Tiempo de lectura":"1 minuto"},"schema":{"@context":"https:\/\/schema.org","@graph":[{"@type":"WebPage","@id":"https:\/\/fcri.cat\/es\/agenda\/jornada-el-doctorat-industrial-un-valor-estrategic-per-a-les-empreses\/","url":"https:\/\/fcri.cat\/es\/agenda\/jornada-el-doctorat-industrial-un-valor-estrategic-per-a-les-empreses\/","name":"Jornada \u201cEl Doctorat Industrial: un valor estrat\u00e8gic per a les empreses\u201d - Fundacio Recerca","isPartOf":{"@id":"https:\/\/fcri.cat\/es\/#website"},"datePublished":"2023-05-08T08:21:25+00:00","dateModified":"2023-05-25T11:37:48+00:00","breadcrumb":{"@id":"https:\/\/fcri.cat\/es\/agenda\/jornada-el-doctorat-industrial-un-valor-estrategic-per-a-les-empreses\/#breadcrumb"},"inLanguage":"es","potentialAction":[{"@type":"ReadAction","target":["https:\/\/fcri.cat\/es\/agenda\/jornada-el-doctorat-industrial-un-valor-estrategic-per-a-les-empreses\/"]}]},{"@type":"BreadcrumbList","@id":"https:\/\/fcri.cat\/es\/agenda\/jornada-el-doctorat-industrial-un-valor-estrategic-per-a-les-empreses\/#breadcrumb","itemListElement":[{"@type":"ListItem","position":1,"name":"Inici","item":"https:\/\/fcri.cat\/es\/"},{"@type":"ListItem","position":2,"name":"Eventos","item":"https:\/\/fcri.cat\/es\/agenda\/"},{"@type":"ListItem","position":3,"name":"Jornada \u201cEl Doctorat Industrial: un valor estrat\u00e8gic per a les empreses\u201d"}]},{"@type":"WebSite","@id":"https:\/\/fcri.cat\/es\/#website","url":"https:\/\/fcri.cat\/es\/","name":"Fundacio Recerca","description":"Fundaci\u00f3 Catalana per a la Recerca i la Innovaci\u00f3","potentialAction":[{"@type":"SearchAction","target":{"@type":"EntryPoint","urlTemplate":"https:\/\/fcri.cat\/es\/?s={search_term_string}"},"query-input":"required name=search_term_string"}],"inLanguage":"es"}]}},"_links":{"self":[{"href":"https:\/\/fcri.cat\/es\/wp-json\/wp\/v2\/tribe_events\/14172"}],"collection":[{"href":"https:\/\/fcri.cat\/es\/wp-json\/wp\/v2\/tribe_events"}],"about":[{"href":"https:\/\/fcri.cat\/es\/wp-json\/wp\/v2\/types\/tribe_events"}],"author":[{"embeddable":true,"href":"https:\/\/fcri.cat\/es\/wp-json\/wp\/v2\/users\/3"}],"replies":[{"embeddable":true,"href":"https:\/\/fcri.cat\/es\/wp-json\/wp\/v2\/comments?post=14172"}],"version-history":[{"count":1,"href":"https:\/\/fcri.cat\/es\/wp-json\/wp\/v2\/tribe_events\/14172\/revisions"}],"predecessor-version":[{"id":14173,"href":"https:\/\/fcri.cat\/es\/wp-json\/wp\/v2\/tribe_events\/14172\/revisions\/14173"}],"wp:attachment":[{"href":"https:\/\/fcri.cat\/es\/wp-json\/wp\/v2\/media?parent=14172"}],"wp:term":[{"taxonomy":"post_tag","embeddable":true,"href":"https:\/\/fcri.cat\/es\/wp-json\/wp\/v2\/tags?post=14172"},{"taxonomy":"tribe_events_cat","embeddable":true,"href":"https:\/\/fcri.cat\/es\/wp-json\/wp\/v2\/tribe_events_cat?post=14172"}],"curies":[{"name":"wp","href":"https:\/\/api.w.org\/{rel}","templated":true}]}}

Jornada “El Doctorat Industrial: un valor estratègic per a les empreses”

<p>L’acte consistirà en un esmorzar de networking com a benvinguda, i seguirà amb una taula rodona en què s’explicaran les noves condicions del programa de Doctorats Industrials de cara al 2023 i el procés que han de seguir els estudiants i les empreses a l’hora d’adherir-s’hi. La taula acabarà amb un torn de preguntes en què els assistents podran traslladar els seus dubtes als ponents. Finalment, s’exposaran dos casos d’èxit en la incorporació de doctorats industrials a les empreses.</p>
<p>Inscripció al següent enllaç:  h<a href="https://forms.office.com/e/HJLsbiwTw9">https://forms.office.com/e/HJLsbiwTw9</a> </p>
<p>Lloc: Sala Polivalent de l&#8217;edifici Eureka. Campus de la UAB, 08193 Bellaterra</p>
<p>Data: Dijous 11, Maig de 2023 &#8211; 10:30h</p>

<p>L’acte consistirà en un esmorzar de networking com a benvinguda, i seguirà amb una taula rodona en què s’explicaran les noves condicions del programa de Doctorats Industrials de cara al [&hellip;]</p>

<!-- This site is optimized with the Yoast SEO plugin v22.9 - https://yoast.com/wordpress/plugins/seo/ -->
<title>Jornada “El Doctorat Industrial: un valor estratègic per a les empreses” - Fundacio Recerca</title>
<meta name="robots" content="index, follow, max-snippet:-1, max-image-preview:large, max-video-preview:-1" />
<link rel="canonical" href="https://fcri.cat/es/agenda/jornada-el-doctorat-industrial-un-valor-estrategic-per-a-les-empreses/" />
<meta property="og:locale" content="es_ES" />
<meta property="og:type" content="article" />
<meta property="og:title" content="Jornada “El Doctorat Industrial: un valor estratègic per a les empreses” - Fundacio Recerca" />
<meta property="og:description" content="L’acte consistirà en un esmorzar de networking com a benvinguda, i seguirà amb una taula rodona en què s’explicaran les noves condicions del programa de Doctorats Industrials de cara al [&hellip;]" />
<meta property="og:url" content="https://fcri.cat/es/agenda/jornada-el-doctorat-industrial-un-valor-estrategic-per-a-les-empreses/" />
<meta property="og:site_name" content="Fundacio Recerca" />
<meta property="article:publisher" content="https://www.facebook.com/fundaciorecerca" />
<meta property="article:modified_time" content="2023-05-25T11:37:48+00:00" />
<meta name="twitter:card" content="summary_large_image" />
<meta name="twitter:site" content="@fundaciorecerca" />
<meta name="twitter:label1" content="Tiempo de lectura" />
	<meta name="twitter:data1" content="1 minuto" />
<script type="application/ld+json" class="yoast-schema-graph">{"@context":"https://schema.org","@graph":[{"@type":"WebPage","@id":"https://fcri.cat/es/agenda/jornada-el-doctorat-industrial-un-valor-estrategic-per-a-les-empreses/","url":"https://fcri.cat/es/agenda/jornada-el-doctorat-industrial-un-valor-estrategic-per-a-les-empreses/","name":"Jornada “El Doctorat Industrial: un valor estratègic per a les empreses” - Fundacio Recerca","isPartOf":{"@id":"https://fcri.cat/es/#website"},"datePublished":"2023-05-08T08:21:25+00:00","dateModified":"2023-05-25T11:37:48+00:00","breadcrumb":{"@id":"https://fcri.cat/es/agenda/jornada-el-doctorat-industrial-un-valor-estrategic-per-a-les-empreses/#breadcrumb"},"inLanguage":"es","potentialAction":[{"@type":"ReadAction","target":["https://fcri.cat/es/agenda/jornada-el-doctorat-industrial-un-valor-estrategic-per-a-les-empreses/"]}]},{"@type":"BreadcrumbList","@id":"https://fcri.cat/es/agenda/jornada-el-doctorat-industrial-un-valor-estrategic-per-a-les-empreses/#breadcrumb","itemListElement":[{"@type":"ListItem","position":1,"name":"Inici","item":"https://fcri.cat/es/"},{"@type":"ListItem","position":2,"name":"Eventos","item":"https://fcri.cat/es/agenda/"},{"@type":"ListItem","position":3,"name":"Jornada “El Doctorat Industrial: un valor estratègic per a les empreses”"}]},{"@type":"WebSite","@id":"https://fcri.cat/es/#website","url":"https://fcri.cat/es/","name":"Fundacio Recerca","description":"Fundació Catalana per a la Recerca i la Innovació","potentialAction":[{"@type":"SearchAction","target":{"@type":"EntryPoint","urlTemplate":"https://fcri.cat/es/?s={search_term_string}"},"query-input":"required name=search_term_string"}],"inLanguage":"es"}]}</script>
<!-- / Yoast SEO plugin. -->

Jornada “El Doctorat Industrial: un valor estratègic per a les empreses” - Fundacio Recerca

L’acte consistirà en un esmorzar de networking com a benvinguda, i seguirà amb una taula rodona en què s’explicaran les noves condicions del programa de Doctorats Industrials de cara al [&hellip;]

Fundació Catalana per a la Recerca i la Innovació
